157.55.39.195 - - [17/Aug/2025:16:39:38 +0200] "GET /shop/cart/cart.aspx?goods=949198044101 HTTP/1.1" 200 107778 "-" "Mozilla/5.0 AppleWebKit/537.36 (KHTML, like Gecko; compatible; bingbot/2.0; +http://www.bing.com/bingbot.htm) Chrome/116.0.1938.76 Safari/537.36"
57.141.0.20 - - [17/Aug/2025:16:41:19 +0200] "GET /?z=164119522270cfe6 HTTP/1.1" 200 9 "-" "meta-externalagent/1.1 (+https://developers.facebook.com/docs/sharing/webmasters/crawler)"
160.176.4.5 - - [17/Aug/2025:16:41:53 +0200] "GET /rzine/JHB_product/FTC_2016/version.txt HTTP/1.1" 200 1 "-" "-"
207.46.13.54 - - [17/Aug/2025:16:42:48 +0200] "GET /shop/cart/cart.aspx?goods=265164222101 HTTP/1.1" 200 110555 "-" "Mozilla/5.0 AppleWebKit/537.36 (KHTML, like Gecko; compatible; bingbot/2.0; +http://www.bing.com/bingbot.htm) Chrome/116.0.1938.76 Safari/537.36"
207.46.13.54 - - [17/Aug/2025:16:43:09 +0200] "GET /anteclassical=69&weltC=1400566 HTTP/1.1" 200 115217 "-" "Mozilla/5.0 AppleWebKit/537.36 (KHTML, like Gecko; compatible; bingbot/2.0; +http://www.bing.com/bingbot.htm) Chrome/116.0.1938.76 Safari/537.36"
207.46.13.54 - - [17/Aug/2025:16:43:10 +0200] "GET /Jainist/1594093 HTTP/1.1" 200 117220 "-" "Mozilla/5.0 AppleWebKit/537.36 (KHTML, like Gecko; compatible; bingbot/2.0; +http://www.bing.com/bingbot.htm) Chrome/116.0.1938.76 Safari/537.36"
207.46.13.54 - - [17/Aug/2025:16:43:11 +0200] "GET /Lithuanic-1371367-effkqB/71014818 HTTP/1.1" 200 118083 "-" "Mozilla/5.0 AppleWebKit/537.36 (KHTML, like Gecko; compatible; bingbot/2.0; +http://www.bing.com/bingbot.htm) Chrome/116.0.1938.76 Safari/537.36"
207.46.13.54 - - [17/Aug/2025:16:43:12 +0200] "GET /aFTEwIa/mercantility256549/4YqmXP0I HTTP/1.1" 200 113034 "-" "Mozilla/5.0 AppleWebKit/537.36 (KHTML, like Gecko; compatible; bingbot/2.0; +http://www.bing.com/bingbot.htm) Chrome/116.0.1938.76 Safari/537.36"
207.46.13.54 - - [17/Aug/2025:16:43:13 +0200] "GET /curtain/rollscreen/toqv421c.php?crunchable/1128161 HTTP/1.1" 200 114694 "-" "Mozilla/5.0 AppleWebKit/537.36 (KHTML, like Gecko; compatible; bingbot/2.0; +http://www.bing.com/bingbot.htm) Chrome/116.0.1938.76 Safari/537.36"
207.46.13.54 - - [17/Aug/2025:16:43:14 +0200] "GET /dioptrically/columnated7510.html HTTP/1.1" 200 113737 "-" "Mozilla/5.0 AppleWebKit/537.36 (KHTML, like Gecko; compatible; bingbot/2.0; +http://www.bing.com/bingbot.htm) Chrome/116.0.1938.76 Safari/537.36"
207.46.13.54 - - [17/Aug/2025:16:43:14 +0200] "GET /goods/list?PqpRB/grobianism949111/3pABtmI0 HTTP/1.1" 200 109957 "-" "Mozilla/5.0 AppleWebKit/537.36 (KHTML, like Gecko; compatible; bingbot/2.0; +http://www.bing.com/bingbot.htm) Chrome/116.0.1938.76 Safari/537.36"
207.46.13.54 - - [17/Aug/2025:16:43:15 +0200] "GET /goods/list?leeky/1941854 HTTP/1.1" 200 109861 "-" "Mozilla/5.0 AppleWebKit/537.36 (KHTML, like Gecko; compatible; bingbot/2.0; +http://www.bing.com/bingbot.htm) Chrome/116.0.1938.76 Safari/537.36"
207.46.13.54 - - [17/Aug/2025:16:43:16 +0200] "GET /goods/list?mesorchial/843027 HTTP/1.1" 200 114984 "-" "Mozilla/5.0 AppleWebKit/537.36 (KHTML, like Gecko; compatible; bingbot/2.0; +http://www.bing.com/bingbot.htm) Chrome/116.0.1938.76 Safari/537.36"
207.46.13.54 - - [17/Aug/2025:16:43:17 +0200] "GET /leeky-1148534-eoeBZ/824364454 HTTP/1.1" 200 109911 "-" "Mozilla/5.0 AppleWebKit/537.36 (KHTML, like Gecko; compatible; bingbot/2.0; +http://www.bing.com/bingbot.htm) Chrome/116.0.1938.76 Safari/537.36"
207.46.13.54 - - [17/Aug/2025:16:43:18 +0200] "GET /leucoencephalitis/bemirror34308.html HTTP/1.1" 200 114037 "-" "Mozilla/5.0 AppleWebKit/537.36 (KHTML, like Gecko; compatible; bingbot/2.0; +http://www.bing.com/bingbot.htm) Chrome/116.0.1938.76 Safari/537.36"
207.46.13.54 - - [17/Aug/2025:16:43:19 +0200] "GET /premium?hanaster/481313 HTTP/1.1" 200 110682 "-" "Mozilla/5.0 AppleWebKit/537.36 (KHTML, like Gecko; compatible; bingbot/2.0; +http://www.bing.com/bingbot.htm) Chrome/116.0.1938.76 Safari/537.36"
40.77.167.241 - - [17/Aug/2025:16:43:22 +0200] "GET /anteclassical=3&DzUWvB6B=1458261 HTTP/1.1" 200 125114 "-" "Mozilla/5.0 AppleWebKit/537.36 (KHTML, like Gecko; compatible; bingbot/2.0; +http://www.bing.com/bingbot.htm) Chrome/116.0.1938.76 Safari/537.36"
40.77.167.241 - - [17/Aug/2025:16:43:23 +0200] "GET /ducato=476392&Ojo5u=1131309 HTTP/1.1" 200 113447 "-" "Mozilla/5.0 AppleWebKit/537.36 (KHTML, like Gecko; compatible; bingbot/2.0; +http://www.bing.com/bingbot.htm) Chrome/116.0.1938.76 Safari/537.36"
40.77.167.241 - - [17/Aug/2025:16:43:24 +0200] "GET /mesorchial=4387254476&LU4A8=544817 HTTP/1.1" 200 115204 "-" "Mozilla/5.0 AppleWebKit/537.36 (KHTML, like Gecko; compatible; bingbot/2.0; +http://www.bing.com/bingbot.htm) Chrome/116.0.1938.76 Safari/537.36"
207.46.13.54 - - [17/Aug/2025:16:43:19 +0200] "GET /utgbTCu/leeky494089/2slTxccWf HTTP/1.1" 200 112702 "-" "Mozilla/5.0 AppleWebKit/537.36 (KHTML, like Gecko; compatible; bingbot/2.0; +http://www.bing.com/bingbot.htm) Chrome/116.0.1938.76 Safari/537.36"
40.77.167.241 - - [17/Aug/2025:16:43:25 +0200] "GET /Lithuanic-1037187-gBllUG/3126007 HTTP/1.1" 200 129542 "-" "Mozilla/5.0 AppleWebKit/537.36 (KHTML, like Gecko; compatible; bingbot/2.0; +http://www.bing.com/bingbot.htm) Chrome/116.0.1938.76 Safari/537.36"
40.77.167.241 - - [17/Aug/2025:16:43:25 +0200] "GET /Lithuanic-321967-TxLMRgOlbt/449106 HTTP/1.1" 200 120493 "-" "Mozilla/5.0 AppleWebKit/537.36 (KHTML, like Gecko; compatible; bingbot/2.0; +http://www.bing.com/bingbot.htm) Chrome/116.0.1938.76 Safari/537.36"
207.46.13.54 - - [17/Aug/2025:16:43:26 +0200] "GET /veeKX/hypermnestic880066/6ESgk8 HTTP/1.1" 200 116938 "-" "Mozilla/5.0 AppleWebKit/537.36 (KHTML, like Gecko; compatible; bingbot/2.0; +http://www.bing.com/bingbot.htm) Chrome/116.0.1938.76 Safari/537.36"
40.77.167.241 - - [17/Aug/2025:16:43:26 +0200] "GET /SBHdcl/discloister1816322/8xw5DqyD HTTP/1.1" 200 110145 "-" "Mozilla/5.0 AppleWebKit/537.36 (KHTML, like Gecko; compatible; bingbot/2.0; +http://www.bing.com/bingbot.htm) Chrome/116.0.1938.76 Safari/537.36"
40.77.167.241 - - [17/Aug/2025:16:43:27 +0200] "GET /anteclassical-431-AtGKM/80416438 HTTP/1.1" 200 119904 "-" "Mozilla/5.0 AppleWebKit/537.36 (KHTML, like Gecko; compatible; bingbot/2.0; +http://www.bing.com/bingbot.htm) Chrome/116.0.1938.76 Safari/537.36"
40.77.167.241 - - [17/Aug/2025:16:43:27 +0200] "GET /character/?mercantility/603214 HTTP/1.1" 200 111741 "-" "Mozilla/5.0 AppleWebKit/537.36 (KHTML, like Gecko; compatible; bingbot/2.0; +http://www.bing.com/bingbot.htm) Chrome/116.0.1938.76 Safari/537.36"
40.77.167.241 - - [17/Aug/2025:16:43:28 +0200] "GET /ck.jp.ap.valuecommerce.com/servlet/referral?tengahealthcare.co.jp/en/en-top/ HTTP/1.1" 200 118858 "-" "Mozilla/5.0 AppleWebKit/537.36 (KHTML, like Gecko; compatible; bingbot/2.0; +http://www.bing.com/bingbot.htm) Chrome/116.0.1938.76 Safari/537.36"
40.77.167.241 - - [17/Aug/2025:16:43:29 +0200] "GET /clattery/1643930 HTTP/1.1" 200 113767 "-" "Mozilla/5.0 AppleWebKit/537.36 (KHTML, like Gecko; compatible; bingbot/2.0; +http://www.bing.com/bingbot.htm) Chrome/116.0.1938.76 Safari/537.36"
40.77.167.241 - - [17/Aug/2025:16:43:30 +0200] "GET /dioptrically/1613565 HTTP/1.1" 200 115998 "-" "Mozilla/5.0 AppleWebKit/537.36 (KHTML, like Gecko; compatible; bingbot/2.0; +http://www.bing.com/bingbot.htm) Chrome/116.0.1938.76 Safari/537.36"
40.77.167.241 - - [17/Aug/2025:16:43:31 +0200] "GET /goods/list?ghebeta=6893&j0yjzoG=72798 HTTP/1.1" 200 113522 "-" "Mozilla/5.0 AppleWebKit/537.36 (KHTML, like Gecko; compatible; bingbot/2.0; +http://www.bing.com/bingbot.htm) Chrome/116.0.1938.76 Safari/537.36"
40.77.167.241 - - [17/Aug/2025:16:43:32 +0200] "GET /premium?bemirror-926782-VJgXqtMqw/764659090 HTTP/1.1" 200 110902 "-" "Mozilla/5.0 AppleWebKit/537.36 (KHTML, like Gecko; compatible; bingbot/2.0; +http://www.bing.com/bingbot.htm) Chrome/116.0.1938.76 Safari/537.36"
40.77.167.241 - - [17/Aug/2025:16:43:32 +0200] "GET /premium?ghebeta/649033 HTTP/1.1" 200 110061 "-" "Mozilla/5.0 AppleWebKit/537.36 (KHTML, like Gecko; compatible; bingbot/2.0; +http://www.bing.com/bingbot.htm) Chrome/116.0.1938.76 Safari/537.36"
40.77.167.241 - - [17/Aug/2025:16:43:33 +0200] "GET /reprovableness/Mohave768525.html HTTP/1.1" 200 109861 "-" "Mozilla/5.0 AppleWebKit/537.36 (KHTML, like Gecko; compatible; bingbot/2.0; +http://www.bing.com/bingbot.htm) Chrome/116.0.1938.76 Safari/537.36"
40.77.167.241 - - [17/Aug/2025:16:43:34 +0200] "GET /store?columnated/1233889 HTTP/1.1" 200 124997 "-" "Mozilla/5.0 AppleWebKit/537.36 (KHTML, like Gecko; compatible; bingbot/2.0; +http://www.bing.com/bingbot.htm) Chrome/116.0.1938.76 Safari/537.36"
40.77.167.241 - - [17/Aug/2025:16:43:40 +0200] "GET /vZYrpN/cynography1343942/1qVGjXjtnIg HTTP/1.1" 200 112983 "-" "Mozilla/5.0 AppleWebKit/537.36 (KHTML, like Gecko; compatible; bingbot/2.0; +http://www.bing.com/bingbot.htm) Chrome/116.0.1938.76 Safari/537.36"
207.46.13.6 - - [17/Aug/2025:16:43:40 +0200] "GET /shop/cart/cart.aspx?goods=003104088101 HTTP/1.1" 200 111113 "-" "Mozilla/5.0 AppleWebKit/537.36 (KHTML, like Gecko; compatible; bingbot/2.0; +http://www.bing.com/bingbot.htm) Chrome/116.0.1938.76 Safari/537.36"
207.46.13.6 - - [17/Aug/2025:16:43:41 +0200] "GET /already=2323757286&KgzyoV0=1904980 HTTP/1.1" 200 109307 "-" "Mozilla/5.0 AppleWebKit/537.36 (KHTML, like Gecko; compatible; bingbot/2.0; +http://www.bing.com/bingbot.htm) Chrome/116.0.1938.76 Safari/537.36"
207.46.13.6 - - [17/Aug/2025:16:43:42 +0200] "GET /cynography=00&D7xPLf3=1231962 HTTP/1.1" 200 118097 "-" "Mozilla/5.0 AppleWebKit/537.36 (KHTML, like Gecko; compatible; bingbot/2.0; +http://www.bing.com/bingbot.htm) Chrome/116.0.1938.76 Safari/537.36"
207.46.13.6 - - [17/Aug/2025:16:43:43 +0200] "GET /anteclassical-1635196-BEtCy/83626872 HTTP/1.1" 200 120543 "-" "Mozilla/5.0 AppleWebKit/537.36 (KHTML, like Gecko; compatible; bingbot/2.0; +http://www.bing.com/bingbot.htm) Chrome/116.0.1938.76 Safari/537.36"
207.46.13.6 - - [17/Aug/2025:16:43:44 +0200] "GET /carriagesmith/444544 HTTP/1.1" 200 105571 "-" "Mozilla/5.0 AppleWebKit/537.36 (KHTML, like Gecko; compatible; bingbot/2.0; +http://www.bing.com/bingbot.htm) Chrome/116.0.1938.76 Safari/537.36"
207.46.13.6 - - [17/Aug/2025:16:43:45 +0200] "GET /ghebeta-451088-ZDndFsdiZ/9677557 HTTP/1.1" 200 122155 "-" "Mozilla/5.0 AppleWebKit/537.36 (KHTML, like Gecko; compatible; bingbot/2.0; +http://www.bing.com/bingbot.htm) Chrome/116.0.1938.76 Safari/537.36"
207.46.13.6 - - [17/Aug/2025:16:43:46 +0200] "GET /goods/list/?ducato/faller1820019.html HTTP/1.1" 200 116069 "-" "Mozilla/5.0 AppleWebKit/537.36 (KHTML, like Gecko; compatible; bingbot/2.0; +http://www.bing.com/bingbot.htm) Chrome/116.0.1938.76 Safari/537.36"
207.46.13.6 - - [17/Aug/2025:16:43:52 +0200] "GET /goods/list/?liveliness/1264388 HTTP/1.1" 200 118889 "-" "Mozilla/5.0 AppleWebKit/537.36 (KHTML, like Gecko; compatible; bingbot/2.0; +http://www.bing.com/bingbot.htm) Chrome/116.0.1938.76 Safari/537.36"
207.46.13.54 - - [17/Aug/2025:16:44:29 +0200] "GET /shop/cart/cart.aspx?goods=705197067801 HTTP/1.1" 200 116017 "-" "Mozilla/5.0 AppleWebKit/537.36 (KHTML, like Gecko; compatible; bingbot/2.0; +http://www.bing.com/bingbot.htm) Chrome/116.0.1938.76 Safari/537.36"
57.141.0.12 - - [17/Aug/2025:16:44:41 +0200] "GET /?z=02311710480d3b4f HTTP/1.1" 200 9 "-" "meta-externalagent/1.1 (+https://developers.facebook.com/docs/sharing/webmasters/crawler)"
57.141.0.29 - - [17/Aug/2025:16:44:56 +0200] "GET /?z=1426772fc6230 HTTP/1.1" 200 9 "-" "meta-externalagent/1.1 (+https://developers.facebook.com/docs/sharing/webmasters/crawler)"
57.141.0.23 - - [17/Aug/2025:16:45:37 +0200] "GET /?z=4061858065157ef9 HTTP/1.1" 200 9 "-" "meta-externalagent/1.1 (+https://developers.facebook.com/docs/sharing/webmasters/crawler)"
207.46.13.54 - - [17/Aug/2025:16:45:49 +0200] "GET /shop/cart/cart.aspx?goods=189168647801 HTTP/1.1" 200 114562 "-" "Mozilla/5.0 AppleWebKit/537.36 (KHTML, like Gecko; compatible; bingbot/2.0; +http://www.bing.com/bingbot.htm) Chrome/116.0.1938.76 Safari/537.36"
207.46.13.6 - - [17/Aug/2025:16:47:05 +0200] "GET /heterogamete-1864746-iGcat/444346017 HTTP/1.1" 200 120543 "-" "Mozilla/5.0 AppleWebKit/537.36 (KHTML, like Gecko; compatible; bingbot/2.0; +http://www.bing.com/bingbot.htm) Chrome/116.0.1938.76 Safari/537.36"
207.46.13.6 - - [17/Aug/2025:16:47:11 +0200] "GET /shop/cart/cart.aspx?goods=197138185201 HTTP/1.1" 200 111453 "-" "Mozilla/5.0 AppleWebKit/537.36 (KHTML, like Gecko; compatible; bingbot/2.0; +http://www.bing.com/bingbot.htm) Chrome/116.0.1938.76 Safari/537.36"
40.77.167.241 - - [17/Aug/2025:16:47:56 +0200] "GET /shop/cart/cart.aspx?goods=175185740501 HTTP/1.1" 200 112810 "-" "Mozilla/5.0 AppleWebKit/537.36 (KHTML, like Gecko; compatible; bingbot/2.0; +http://www.bing.com/bingbot.htm) Chrome/116.0.1938.76 Safari/537.36"
207.46.13.54 - - [17/Aug/2025:16:48:20 +0200] "GET /leeky/enthronize793014.html HTTP/1.1" 200 120153 "-" "Mozilla/5.0 AppleWebKit/537.36 (KHTML, like Gecko; compatible; bingbot/2.0; +http://www.bing.com/bingbot.htm) Chrome/116.0.1938.76 Safari/537.36"
207.46.13.54 - - [17/Aug/2025:16:48:22 +0200] "GET /ectozoan-1322457-YKgqAUg/7596414612 HTTP/1.1" 200 114262 "-" "Mozilla/5.0 AppleWebKit/537.36 (KHTML, like Gecko; compatible; bingbot/2.0; +http://www.bing.com/bingbot.htm) Chrome/116.0.1938.76 Safari/537.36"
57.141.0.7 - - [17/Aug/2025:16:49:51 +0200] "GET /?z=102147831099b2df HTTP/1.1" 200 9 "-" "meta-externalagent/1.1 (+https://developers.facebook.com/docs/sharing/webmasters/crawler)"
160.176.4.5 - - [17/Aug/2025:16:50:04 +0200] "GET /rzine/JHB_product/FTC_2016/version.txt HTTP/1.1" 200 1 "-" "-"
57.141.0.14 - - [17/Aug/2025:16:50:48 +0200] "GET /?z=28320522d9b6e2 HTTP/1.1" 200 9 "-" "meta-externalagent/1.1 (+https://developers.facebook.com/docs/sharing/webmasters/crawler)"
57.141.0.10 - - [17/Aug/2025:16:51:04 +0200] "GET /?z=804724173e6a1d4 HTTP/1.1" 200 9 "-" "meta-externalagent/1.1 (+https://developers.facebook.com/docs/sharing/webmasters/crawler)"
207.46.13.17 - - [17/Aug/2025:16:51:19 +0200] "GET /goods/list?YpWP/adneural1915141/4DujPjo0I HTTP/1.1" 200 117378 "-" "Mozilla/5.0 AppleWebKit/537.36 (KHTML, like Gecko; compatible; bingbot/2.0; +http://www.bing.com/bingbot.htm) Chrome/116.0.1938.76 Safari/537.36"
207.46.13.51 - - [17/Aug/2025:16:51:24 +0200] "GET /vlHgP/gabbroic138722/2tsn7YOdDV HTTP/1.1" 200 112087 "-" "Mozilla/5.0 AppleWebKit/537.36 (KHTML, like Gecko; compatible; bingbot/2.0; +http://www.bing.com/bingbot.htm) Chrome/116.0.1938.76 Safari/537.36"
40.77.167.241 - - [17/Aug/2025:16:51:29 +0200] "GET /femororotulian-993263-zysBHMe/8675495 HTTP/1.1" 200 113090 "-" "Mozilla/5.0 AppleWebKit/537.36 (KHTML, like Gecko; compatible; bingbot/2.0; +http://www.bing.com/bingbot.htm) Chrome/116.0.1938.76 Safari/537.36"
57.141.0.1 - - [17/Aug/2025:16:51:30 +0200] "GET /?z=171668453d3ab75 HTTP/1.1" 200 9 "-" "meta-externalagent/1.1 (+https://developers.facebook.com/docs/sharing/webmasters/crawler)"
40.77.167.241 - - [17/Aug/2025:16:51:50 +0200] "GET /pregustator/ablest1203506.html HTTP/1.1" 200 118099 "-" "Mozilla/5.0 AppleWebKit/537.36 (KHTML, like Gecko; compatible; bingbot/2.0; +http://www.bing.com/bingbot.htm) Chrome/116.0.1938.76 Safari/537.36"
207.46.13.17 - - [17/Aug/2025:16:52:11 +0200] "GET /UHNnAb/discloister1599622/3f1Sl7 HTTP/1.1" 200 116586 "-" "Mozilla/5.0 AppleWebKit/537.36 (KHTML, like Gecko; compatible; bingbot/2.0; +http://www.bing.com/bingbot.htm) Chrome/116.0.1938.76 Safari/537.36"
207.46.13.17 - - [17/Aug/2025:16:53:11 +0200] "GET /enthronize-1945198-oBpvLD/876066902 HTTP/1.1" 200 119197 "-" "Mozilla/5.0 AppleWebKit/537.36 (KHTML, like Gecko; compatible; bingbot/2.0; +http://www.bing.com/bingbot.htm) Chrome/116.0.1938.76 Safari/537.36"
57.141.0.2 - - [17/Aug/2025:16:53:29 +0200] "GET /?r=1417530554600& HTTP/1.1" 200 9 "-" "meta-externalagent/1.1 (+https://developers.facebook.com/docs/sharing/webmasters/crawler)"
40.77.167.241 - - [17/Aug/2025:16:53:58 +0200] "GET /goods/list?morningless-1083449-uRfsXHx/92534308 HTTP/1.1" 200 109531 "-" "Mozilla/5.0 AppleWebKit/537.36 (KHTML, like Gecko; compatible; bingbot/2.0; +http://www.bing.com/bingbot.htm) Chrome/116.0.1938.76 Safari/537.36"
40.77.167.50 - - [17/Aug/2025:16:54:08 +0200] "GET /tour/?droitsman=45&IpZVBdx3=887 HTTP/1.1" 200 107374 "-" "Mozilla/5.0 AppleWebKit/537.36 (KHTML, like Gecko; compatible; bingbot/2.0; +http://www.bing.com/bingbot.htm) Chrome/116.0.1938.76 Safari/537.36"
207.46.13.17 - - [17/Aug/2025:16:54:10 +0200] "GET /Dielytra/reprovableness1492336.html HTTP/1.1" 200 121018 "-" "Mozilla/5.0 AppleWebKit/537.36 (KHTML, like Gecko; compatible; bingbot/2.0; +http://www.bing.com/bingbot.htm) Chrome/116.0.1938.76 Safari/537.36"
207.46.13.17 - - [17/Aug/2025:16:54:11 +0200] "GET /information/detail/?tag/%E7%A9%BA%E6%B8%AF HTTP/1.1" 200 120023 "-" "Mozilla/5.0 AppleWebKit/537.36 (KHTML, like Gecko; compatible; bingbot/2.0; +http://www.bing.com/bingbot.htm) Chrome/116.0.1938.76 Safari/537.36"
207.46.13.51 - - [17/Aug/2025:16:54:23 +0200] "GET /goods/list?foreloper/1552390 HTTP/1.1" 200 112219 "-" "Mozilla/5.0 AppleWebKit/537.36 (KHTML, like Gecko; compatible; bingbot/2.0; +http://www.bing.com/bingbot.htm) Chrome/116.0.1938.76 Safari/537.36"
40.77.167.254 - - [17/Aug/2025:16:55:08 +0200] "GET /book/?cynography-182-eARJmMLCUK/739248719 HTTP/1.1" 200 113544 "-" "Mozilla/5.0 AppleWebKit/537.36 (KHTML, like Gecko; compatible; bingbot/2.0; +http://www.bing.com/bingbot.htm) Chrome/116.0.1938.76 Safari/537.36"
207.46.13.51 - - [17/Aug/2025:16:55:04 +0200] "GET /shop/cart/cart.aspx?goods=701173469701 HTTP/1.1" 200 109644 "-" "Mozilla/5.0 AppleWebKit/537.36 (KHTML, like Gecko; compatible; bingbot/2.0; +http://www.bing.com/bingbot.htm) Chrome/116.0.1938.76 Safari/537.36"
207.46.13.17 - - [17/Aug/2025:16:55:15 +0200] "GET /goods/list/?morningless/liveliness787494.html HTTP/1.1" 200 112040 "-" "Mozilla/5.0 AppleWebKit/537.36 (KHTML, like Gecko; compatible; bingbot/2.0; +http://www.bing.com/bingbot.htm) Chrome/116.0.1938.76 Safari/537.36"
207.46.13.17 - - [17/Aug/2025:16:55:16 +0200] "GET /goods/list?ghebeta/1420243 HTTP/1.1" 200 121380 "-" "Mozilla/5.0 AppleWebKit/537.36 (KHTML, like Gecko; compatible; bingbot/2.0; +http://www.bing.com/bingbot.htm) Chrome/116.0.1938.76 Safari/537.36"
40.77.167.254 - - [17/Aug/2025:16:55:10 +0200] "GET /heterogamete-350761-OCSnMIv/3592256 HTTP/1.1" 200 116733 "-" "Mozilla/5.0 AppleWebKit/537.36 (KHTML, like Gecko; compatible; bingbot/2.0; +http://www.bing.com/bingbot.htm) Chrome/116.0.1938.76 Safari/537.36"
40.77.167.254 - - [17/Aug/2025:16:55:50 +0200] "GET /goods/list/?droitsman/pregustator386547.html HTTP/1.1" 200 110031 "-" "Mozilla/5.0 AppleWebKit/537.36 (KHTML, like Gecko; compatible; bingbot/2.0; +http://www.bing.com/bingbot.htm) Chrome/116.0.1938.76 Safari/537.36"
40.77.167.254 - - [17/Aug/2025:16:55:52 +0200] "GET /information/detail/?columnated/hanaster1895429.html HTTP/1.1" 200 114310 "-" "Mozilla/5.0 AppleWebKit/537.36 (KHTML, like Gecko; compatible; bingbot/2.0; +http://www.bing.com/bingbot.htm) Chrome/116.0.1938.76 Safari/537.36"
207.46.13.51 - - [17/Aug/2025:16:55:54 +0200] "GET /femororotulian/1226683 HTTP/1.1" 200 112910 "-" "Mozilla/5.0 AppleWebKit/537.36 (KHTML, like Gecko; compatible; bingbot/2.0; +http://www.bing.com/bingbot.htm) Chrome/116.0.1938.76 Safari/537.36"
207.46.13.51 - - [17/Aug/2025:16:55:55 +0200] "GET /goods/list?intersterile=6969627&POpABCFiv=1403089 HTTP/1.1" 200 116904 "-" "Mozilla/5.0 AppleWebKit/537.36 (KHTML, like Gecko; compatible; bingbot/2.0; +http://www.bing.com/bingbot.htm) Chrome/116.0.1938.76 Safari/537.36"
207.46.13.51 - - [17/Aug/2025:16:55:56 +0200] "GET /carriagesmith/1775764 HTTP/1.1" 200 117082 "-" "Mozilla/5.0 AppleWebKit/537.36 (KHTML, like Gecko; compatible; bingbot/2.0; +http://www.bing.com/bingbot.htm) Chrome/116.0.1938.76 Safari/537.36"
207.46.13.17 - - [17/Aug/2025:16:56:01 +0200] "GET /product_search/?crunchable/haptotropically1180301.html HTTP/1.1" 200 114564 "-" "Mozilla/5.0 AppleWebKit/537.36 (KHTML, like Gecko; compatible; bingbot/2.0; +http://www.bing.com/bingbot.htm) Chrome/116.0.1938.76 Safari/537.36"
160.176.131.105 - - [17/Aug/2025:16:56:15 +0200] "GET /rzine/JHB_product/FTC_2015/version.txt HTTP/1.1" 200 1 "-" "-"
207.46.13.51 - - [17/Aug/2025:16:56:44 +0200] "GET /m1900-01-01/ HTTP/1.1" 200 125463 "-" "Mozilla/5.0 AppleWebKit/537.36 (KHTML, like Gecko; compatible; bingbot/2.0; +http://www.bing.com/bingbot.htm) Chrome/116.0.1938.76 Safari/537.36"
207.46.13.51 - - [17/Aug/2025:16:56:46 +0200] "GET /curtain/rollscreen/torn003c.php?goods/sidetape/detail/665 HTTP/1.1" 200 118172 "-" "Mozilla/5.0 AppleWebKit/537.36 (KHTML, like Gecko; compatible; bingbot/2.0; +http://www.bing.com/bingbot.htm) Chrome/116.0.1938.76 Safari/537.36"
40.77.167.254 - - [17/Aug/2025:16:56:59 +0200] "GET /goods/list?hypermnestic-1142306-wRgAOtrNc/4813905 HTTP/1.1" 200 109955 "-" "Mozilla/5.0 AppleWebKit/537.36 (KHTML, like Gecko; compatible; bingbot/2.0; +http://www.bing.com/bingbot.htm) Chrome/116.0.1938.76 Safari/537.36"
40.77.167.254 - - [17/Aug/2025:16:57:00 +0200] "GET /enthronize=675469&FiQ6aU7=1623448 HTTP/1.1" 200 119078 "-" "Mozilla/5.0 AppleWebKit/537.36 (KHTML, like Gecko; compatible; bingbot/2.0; +http://www.bing.com/bingbot.htm) Chrome/116.0.1938.76 Safari/537.36"
207.46.13.17 - - [17/Aug/2025:16:57:12 +0200] "GET /mesopodial/grandfatherhood46640.html HTTP/1.1" 200 112157 "-" "Mozilla/5.0 AppleWebKit/537.36 (KHTML, like Gecko; compatible; bingbot/2.0; +http://www.bing.com/bingbot.htm) Chrome/116.0.1938.76 Safari/537.36"
207.46.13.51 - - [17/Aug/2025:16:57:16 +0200] "GET /zUoslxu/semipectinated1448266/6P0AsR HTTP/1.1" 200 112983 "-" "Mozilla/5.0 AppleWebKit/537.36 (KHTML, like Gecko; compatible; bingbot/2.0; +http://www.bing.com/bingbot.htm) Chrome/116.0.1938.76 Safari/537.36"
207.46.13.51 - - [17/Aug/2025:16:57:18 +0200] "GET /information/detail/?ZiCp/crunchable1071456/32Bop0 HTTP/1.1" 200 113059 "-" "Mozilla/5.0 AppleWebKit/537.36 (KHTML, like Gecko; compatible; bingbot/2.0; +http://www.bing.com/bingbot.htm) Chrome/116.0.1938.76 Safari/537.36"
207.46.13.51 - - [17/Aug/2025:16:57:18 +0200] "GET /goods/list?mesorchial-702-JRzOEBm/90570424 HTTP/1.1" 200 114043 "-" "Mozilla/5.0 AppleWebKit/537.36 (KHTML, like Gecko; compatible; bingbot/2.0; +http://www.bing.com/bingbot.htm) Chrome/116.0.1938.76 Safari/537.36"
40.77.167.254 - - [17/Aug/2025:16:57:21 +0200] "GET /goods/list?intersterile-1488449-yoPQQmjqcn/8138617784 HTTP/1.1" 200 112464 "-" "Mozilla/5.0 AppleWebKit/537.36 (KHTML, like Gecko; compatible; bingbot/2.0; +http://www.bing.com/bingbot.htm) Chrome/116.0.1938.76 Safari/537.36"
57.141.0.10 - - [17/Aug/2025:16:57:38 +0200] "GET /?z=931266429cb530f HTTP/1.1" 200 9 "-" "meta-externalagent/1.1 (+https://developers.facebook.com/docs/sharing/webmasters/crawler)"
40.77.167.254 - - [17/Aug/2025:16:57:38 +0200] "GET /goods/list/?heterogamete=750442782&hDfNJ=970391 HTTP/1.1" 200 110518 "-" "Mozilla/5.0 AppleWebKit/537.36 (KHTML, like Gecko; compatible; bingbot/2.0; +http://www.bing.com/bingbot.htm) Chrome/116.0.1938.76 Safari/537.36"
40.77.167.254 - - [17/Aug/2025:16:57:39 +0200] "GET /anteclassical/clattery92336.html HTTP/1.1" 200 110582 "-" "Mozilla/5.0 AppleWebKit/537.36 (KHTML, like Gecko; compatible; bingbot/2.0; +http://www.bing.com/bingbot.htm) Chrome/116.0.1938.76 Safari/537.36"
207.46.13.51 - - [17/Aug/2025:16:57:54 +0200] "GET /droitsman=5&xVWPUxt=890677 HTTP/1.1" 200 127843 "-" "Mozilla/5.0 AppleWebKit/537.36 (KHTML, like Gecko; compatible; bingbot/2.0; +http://www.bing.com/bingbot.htm) Chrome/116.0.1938.76 Safari/537.36"
40.77.167.254 - - [17/Aug/2025:16:58:12 +0200] "GET /liveliness-896328-Ekhea/2374044751 HTTP/1.1" 200 125192 "-" "Mozilla/5.0 AppleWebKit/537.36 (KHTML, like Gecko; compatible; bingbot/2.0; +http://www.bing.com/bingbot.htm) Chrome/116.0.1938.76 Safari/537.36"
114.119.145.8 - - [17/Aug/2025:16:58:48 +0200] "GET /robots.txt HTTP/1.1" 200 71 "-" "Mozilla/5.0 (compatible;PetalBot;+https://webmaster.petalsearch.com/site/petalbot)"
207.46.13.17 - - [17/Aug/2025:16:59:31 +0200] "GET /maeandrine/awakening176311.html HTTP/1.1" 200 111718 "-" "Mozilla/5.0 AppleWebKit/537.36 (KHTML, like Gecko; compatible; bingbot/2.0; +http://www.bing.com/bingbot.htm) Chrome/116.0.1938.76 Safari/537.36"
57.141.0.20 - - [17/Aug/2025:16:59:37 +0200] "GET /?z=27924125103c8cb HTTP/1.1" 200 9 "-" "meta-externalagent/1.1 (+https://developers.facebook.com/docs/sharing/webmasters/crawler)"
157.55.39.49 - - [17/Aug/2025:16:59:55 +0200] "GET /discloister/anteclassical1575422.html HTTP/1.1" 200 112961 "-" "Mozilla/5.0 AppleWebKit/537.36 (KHTML, like Gecko; compatible; bingbot/2.0; +http://www.bing.com/bingbot.htm) Chrome/116.0.1938.76 Safari/537.36"
157.55.39.49 - - [17/Aug/2025:16:59:56 +0200] "GET /goods/list?heterogamete/1628136 HTTP/1.1" 200 111343 "-" "Mozilla/5.0 AppleWebKit/537.36 (KHTML, like Gecko; compatible; bingbot/2.0; +http://www.bing.com/bingbot.htm) Chrome/116.0.1938.76 Safari/537.36"
207.46.13.17 - - [17/Aug/2025:17:00:00 +0200] "GET /equivalent/maeandrine965847.html HTTP/1.1" 200 112749 "-" "Mozilla/5.0 AppleWebKit/537.36 (KHTML, like Gecko; compatible; bingbot/2.0; +http://www.bing.com/bingbot.htm) Chrome/116.0.1938.76 Safari/537.36"
207.46.13.17 - - [17/Aug/2025:17:00:10 +0200] "GET /faller-138713-HZjyLQ/197815561 HTTP/1.1" 200 114733 "-" "Mozilla/5.0 AppleWebKit/537.36 (KHTML, like Gecko; compatible; bingbot/2.0; +http://www.bing.com/bingbot.htm) Chrome/116.0.1938.76 Safari/537.36"
40.77.167.254 - - [17/Aug/2025:17:00:39 +0200] "GET /TctqU/liveliness53618/5A1Fye HTTP/1.1" 200 119849 "-" "Mozilla/5.0 AppleWebKit/537.36 (KHTML, like Gecko; compatible; bingbot/2.0; +http://www.bing.com/bingbot.htm) Chrome/116.0.1938.76 Safari/537.36"
157.55.39.49 - - [17/Aug/2025:17:01:04 +0200] "GET /shop/cart/cart.aspx?goods=969124018401 HTTP/1.1" 200 111394 "-" "Mozilla/5.0 AppleWebKit/537.36 (KHTML, like Gecko; compatible; bingbot/2.0; +http://www.bing.com/bingbot.htm) Chrome/116.0.1938.76 Safari/537.36"
34.70.79.200 - - [17/Aug/2025:17:01:08 +0200] "GET / HTTP/1.1" 200 9 "-" "Mozilla/5.0 (compatible; CMS-Checker/1.0; +https://example.com)"
207.46.13.17 - - [17/Aug/2025:17:01:31 +0200] "GET /mesorchial-479477-LUvTeR/513993 HTTP/1.1" 200 120506 "-" "Mozilla/5.0 AppleWebKit/537.36 (KHTML, like Gecko; compatible; bingbot/2.0; +http://www.bing.com/bingbot.htm) Chrome/116.0.1938.76 Safari/537.36"
157.55.39.49 - - [17/Aug/2025:17:01:36 +0200] "GET /dioptrically-470-AXOysd/4723594 HTTP/1.1" 200 119394 "-" "Mozilla/5.0 AppleWebKit/537.36 (KHTML, like Gecko; compatible; bingbot/2.0; +http://www.bing.com/bingbot.htm) Chrome/116.0.1938.76 Safari/537.36"
157.55.39.49 - - [17/Aug/2025:17:01:55 +0200] "GET /shop/cart/cart.aspx?goods=827155627101 HTTP/1.1" 200 111954 "-" "Mozilla/5.0 AppleWebKit/537.36 (KHTML, like Gecko; compatible; bingbot/2.0; +http://www.bing.com/bingbot.htm) Chrome/116.0.1938.76 Safari/537.36"
40.77.167.254 - - [17/Aug/2025:17:01:59 +0200] "GET /shop/cart/cart.aspx?goods=653185113201 HTTP/1.1" 200 112816 "-" "Mozilla/5.0 AppleWebKit/537.36 (KHTML, like Gecko; compatible; bingbot/2.0; +http://www.bing.com/bingbot.htm) Chrome/116.0.1938.76 Safari/537.36"
207.46.13.6 - - [17/Aug/2025:17:02:30 +0200] "GET /shop/cart/cart.aspx?goods=002162933601 HTTP/1.1" 200 112333 "-" "Mozilla/5.0 AppleWebKit/537.36 (KHTML, like Gecko; compatible; bingbot/2.0; +http://www.bing.com/bingbot.htm) Chrome/116.0.1938.76 Safari/537.36"
207.46.13.6 - - [17/Aug/2025:17:02:31 +0200] "GET /curtain/rollscreen/torn003c.php?crunchable/163681 HTTP/1.1" 200 113263 "-" "Mozilla/5.0 AppleWebKit/537.36 (KHTML, like Gecko; compatible; bingbot/2.0; +http://www.bing.com/bingbot.htm) Chrome/116.0.1938.76 Safari/537.36"
207.46.13.6 - - [17/Aug/2025:17:02:33 +0200] "GET /goods/list?dRtCQd/intersterile1362169/1GEI7xTaH HTTP/1.1" 200 112546 "-" "Mozilla/5.0 AppleWebKit/537.36 (KHTML, like Gecko; compatible; bingbot/2.0; +http://www.bing.com/bingbot.htm) Chrome/116.0.1938.76 Safari/537.36"
157.55.39.49 - - [17/Aug/2025:17:02:36 +0200] "GET /curtain/rollscreen/torn010c.php?category/caballosensis/ HTTP/1.1" 200 122275 "-" "Mozilla/5.0 AppleWebKit/537.36 (KHTML, like Gecko; compatible; bingbot/2.0; +http://www.bing.com/bingbot.htm) Chrome/116.0.1938.76 Safari/537.36"
40.77.167.254 - - [17/Aug/2025:17:02:40 +0200] "GET /article/feature_item/2022/08/05/0706?crannock/1522695 HTTP/1.1" 200 112785 "-" "Mozilla/5.0 AppleWebKit/537.36 (KHTML, like Gecko; compatible; bingbot/2.0; +http://www.bing.com/bingbot.htm) Chrome/116.0.1938.76 Safari/537.36"
157.55.39.49 - - [17/Aug/2025:17:02:37 +0200] "GET /goods/list?droitsman/1793447 HTTP/1.1" 200 111102 "-" "Mozilla/5.0 AppleWebKit/537.36 (KHTML, like Gecko; compatible; bingbot/2.0; +http://www.bing.com/bingbot.htm) Chrome/116.0.1938.76 Safari/537.36"
207.46.13.6 - - [17/Aug/2025:17:02:51 +0200] "GET /maeandrine/awakening397521.html HTTP/1.1" 200 109057 "-" "Mozilla/5.0 AppleWebKit/537.36 (KHTML, like Gecko; compatible; bingbot/2.0; +http://www.bing.com/bingbot.htm) Chrome/116.0.1938.76 Safari/537.36"
207.46.13.6 - - [17/Aug/2025:17:02:52 +0200] "GET /leeky-1123344-ueYWiq/985664524 HTTP/1.1" 200 112066 "-" "Mozilla/5.0 AppleWebKit/537.36 (KHTML, like Gecko; compatible; bingbot/2.0; +http://www.bing.com/bingbot.htm) Chrome/116.0.1938.76 Safari/537.36"
157.55.39.49 - - [17/Aug/2025:17:02:56 +0200] "GET /hanaster-391663-MdNfk/4604142099 HTTP/1.1" 200 117877 "-" "Mozilla/5.0 AppleWebKit/537.36 (KHTML, like Gecko; compatible; bingbot/2.0; +http://www.bing.com/bingbot.htm) Chrome/116.0.1938.76 Safari/537.36"
157.55.39.49 - - [17/Aug/2025:17:02:57 +0200] "GET /rubber/search/9 HTTP/1.1" 200 118504 "-" "Mozilla/5.0 AppleWebKit/537.36 (KHTML, like Gecko; compatible; bingbot/2.0; +http://www.bing.com/bingbot.htm) Chrome/116.0.1938.76 Safari/537.36"
207.46.13.6 - - [17/Aug/2025:17:03:51 +0200] "GET /semipectinated=2&f0pLEBBK=1333756 HTTP/1.1" 200 121238 "-" "Mozilla/5.0 AppleWebKit/537.36 (KHTML, like Gecko; compatible; bingbot/2.0; +http://www.bing.com/bingbot.htm) Chrome/116.0.1938.76 Safari/537.36"
40.77.167.254 - - [17/Aug/2025:17:04:40 +0200] "GET /goods/list?hydrospiric/intersterile1116660.html HTTP/1.1" 200 117415 "-" "Mozilla/5.0 AppleWebKit/537.36 (KHTML, like Gecko; compatible; bingbot/2.0; +http://www.bing.com/bingbot.htm) Chrome/116.0.1938.76 Safari/537.36"
40.77.167.254 - - [17/Aug/2025:17:04:41 +0200] "GET /anteclassical-1020956-IQoqOE/479510 HTTP/1.1" 200 111741 "-" "Mozilla/5.0 AppleWebKit/537.36 (KHTML, like Gecko; compatible; bingbot/2.0; +http://www.bing.com/bingbot.htm) Chrome/116.0.1938.76 Safari/537.36"
40.77.167.254 - - [17/Aug/2025:17:04:42 +0200] "GET /goods/list?EEJe/depositional739497/6nSztDh HTTP/1.1" 200 107134 "-" "Mozilla/5.0 AppleWebKit/537.36 (KHTML, like Gecko; compatible; bingbot/2.0; +http://www.bing.com/bingbot.htm) Chrome/116.0.1938.76 Safari/537.36"
207.46.13.6 - - [17/Aug/2025:17:04:51 +0200] "GET /LoYPfH/leucoencephalitis128963/7IEJxN5W HTTP/1.1" 200 117503 "-" "Mozilla/5.0 AppleWebKit/537.36 (KHTML, like Gecko; compatible; bingbot/2.0; +http://www.bing.com/bingbot.htm) Chrome/116.0.1938.76 Safari/537.36"
40.77.167.254 - - [17/Aug/2025:17:04:58 +0200] "GET /shop/cart/cart.aspx?goods=141195181801 HTTP/1.1" 200 123312 "-" "Mozilla/5.0 AppleWebKit/537.36 (KHTML, like Gecko; compatible; bingbot/2.0; +http://www.bing.com/bingbot.htm) Chrome/116.0.1938.76 Safari/537.36"
40.77.167.254 - - [17/Aug/2025:17:04:59 +0200] "GET /search/?product-tag/10-5inchiPadPro/ HTTP/1.1" 200 114514 "-" "Mozilla/5.0 AppleWebKit/537.36 (KHTML, like Gecko; compatible; bingbot/2.0; +http://www.bing.com/bingbot.htm) Chrome/116.0.1938.76 Safari/537.36"
114.119.157.96 - - [17/Aug/2025:17:05:00 +0200] "GET /robots.txt HTTP/1.1" 200 71 "-" "Mozilla/5.0 (compatible;PetalBot;+https://webmaster.petalsearch.com/site/petalbot)"
157.55.39.49 - - [17/Aug/2025:17:05:08 +0200] "GET /MCUMNx/bruteness1755946/81JNKC1 HTTP/1.1" 200 118897 "-" "Mozilla/5.0 AppleWebKit/537.36 (KHTML, like Gecko; compatible; bingbot/2.0; +http://www.bing.com/bingbot.htm) Chrome/116.0.1938.76 Safari/537.36"
160.176.4.5 - - [17/Aug/2025:17:05:11 +0200] "GET /rzine/JHB_product/FTC_2016/version.txt HTTP/1.1" 200 1 "-" "-"
207.46.13.6 - - [17/Aug/2025:17:06:03 +0200] "GET /goods/list/?Kyung/dissertate418918.html HTTP/1.1" 200 112603 "-" "Mozilla/5.0 AppleWebKit/537.36 (KHTML, like Gecko; compatible; bingbot/2.0; +http://www.bing.com/bingbot.htm) Chrome/116.0.1938.76 Safari/537.36"
40.77.167.10 - - [17/Aug/2025:17:07:10 +0200] "GET /carriagesmith-1134904-eJyuNfIq/843868 HTTP/1.1" 200 111109 "-" "Mozilla/5.0 AppleWebKit/537.36 (KHTML, like Gecko; compatible; bingbot/2.0; +http://www.bing.com/bingbot.htm) Chrome/116.0.1938.76 Safari/537.36"
40.77.167.10 - - [17/Aug/2025:17:07:41 +0200] "GET /goods/list?bemirror/Dielytra1450822.html HTTP/1.1" 200 117727 "-" "Mozilla/5.0 AppleWebKit/537.36 (KHTML, like Gecko; compatible; bingbot/2.0; +http://www.bing.com/bingbot.htm) Chrome/116.0.1938.76 Safari/537.36"
40.77.167.10 - - [17/Aug/2025:17:08:01 +0200] "GET /Monotheletian-1065394-ZhkrK/ HTTP/1.1" 200 119492 "-" "Mozilla/5.0 AppleWebKit/537.36 (KHTML, like Gecko; compatible; bingbot/2.0; +http://www.bing.com/bingbot.htm) Chrome/116.0.1938.76 Safari/537.36"
157.55.39.49 - - [17/Aug/2025:17:08:16 +0200] "GET /shop/cart/cart.aspx?goods=172114967801 HTTP/1.1" 200 112802 "-" "Mozilla/5.0 AppleWebKit/537.36 (KHTML, like Gecko; compatible; bingbot/2.0; +http://www.bing.com/bingbot.htm) Chrome/116.0.1938.76 Safari/537.36"
57.141.0.30 - - [17/Aug/2025:17:08:46 +0200] "GET /?z=039844124e2ca38 HTTP/1.1" 200 9 "-" "meta-externalagent/1.1 (+https://developers.facebook.com/docs/sharing/webmasters/crawler)"
207.46.13.6 - - [17/Aug/2025:17:09:31 +0200] "GET /Monotheletian=62903&61rkHH=1441209 HTTP/1.1" 200 118254 "-" "Mozilla/5.0 AppleWebKit/537.36 (KHTML, like Gecko; compatible; bingbot/2.0; +http://www.bing.com/bingbot.htm) Chrome/116.0.1938.76 Safari/537.36"
207.46.13.6 - - [17/Aug/2025:17:10:41 +0200] "GET /shop/cart/cart.aspx?goods=098112043401 HTTP/1.1" 200 110737 "-" "Mozilla/5.0 AppleWebKit/537.36 (KHTML, like Gecko; compatible; bingbot/2.0; +http://www.bing.com/bingbot.htm) Chrome/116.0.1938.76 Safari/537.36"
207.46.13.6 - - [17/Aug/2025:17:11:17 +0200] "GET /shop/cart/cart.aspx?goods=428113479401 HTTP/1.1" 200 114153 "-" "Mozilla/5.0 AppleWebKit/537.36 (KHTML, like Gecko; compatible; bingbot/2.0; +http://www.bing.com/bingbot.htm) Chrome/116.0.1938.76 Safari/537.36"
57.141.0.21 - - [17/Aug/2025:17:11:46 +0200] "GET /?z=29744987388c22d HTTP/1.1" 200 9 "-" "meta-externalagent/1.1 (+https://developers.facebook.com/docs/sharing/webmasters/crawler)"
207.46.13.6 - - [17/Aug/2025:17:12:38 +0200] "GET /Lithuanic/adneural1869117.html HTTP/1.1" 200 116938 "-" "Mozilla/5.0 AppleWebKit/537.36 (KHTML, like Gecko; compatible; bingbot/2.0; +http://www.bing.com/bingbot.htm) Chrome/116.0.1938.76 Safari/537.36"
40.77.167.10 - - [17/Aug/2025:17:12:42 +0200] "GET /faller/equivalent628433.html HTTP/1.1" 200 121830 "-" "Mozilla/5.0 AppleWebKit/537.36 (KHTML, like Gecko; compatible; bingbot/2.0; +http://www.bing.com/bingbot.htm) Chrome/116.0.1938.76 Safari/537.36"
157.55.39.205 - - [17/Aug/2025:17:14:02 +0200] "GET /shop/cart/cart.aspx?goods=081191150401 HTTP/1.1" 200 110896 "-" "Mozilla/5.0 AppleWebKit/537.36 (KHTML, like Gecko; compatible; bingbot/2.0; +http://www.bing.com/bingbot.htm) Chrome/116.0.1938.76 Safari/537.36"
40.77.167.10 - - [17/Aug/2025:17:14:41 +0200] "GET /goods/list?crunchable-1804276-OOYSHLJHZ/720491 HTTP/1.1" 200 110690 "-" "Mozilla/5.0 AppleWebKit/537.36 (KHTML, like Gecko; compatible; bingbot/2.0; +http://www.bing.com/bingbot.htm) Chrome/116.0.1938.76 Safari/537.36"
207.46.13.6 - - [17/Aug/2025:17:15:08 +0200] "GET /cGHPZ/faller196188/1rWZ50J4cL HTTP/1.1" 200 118457 "-" "Mozilla/5.0 AppleWebKit/537.36 (KHTML, like Gecko; compatible; bingbot/2.0; +http://www.bing.com/bingbot.htm) Chrome/116.0.1938.76 Safari/537.36"
157.55.39.205 - - [17/Aug/2025:17:15:13 +0200] "GET /shop/cart/cart.aspx?goods=100161816001 HTTP/1.1" 200 115646 "-" "Mozilla/5.0 AppleWebKit/537.36 (KHTML, like Gecko; compatible; bingbot/2.0; +http://www.bing.com/bingbot.htm) Chrome/116.0.1938.76 Safari/537.36"
157.55.39.205 - - [17/Aug/2025:17:15:14 +0200] "GET /SYTTqwG/cyclopy7100/16DeeLASeq HTTP/1.1" 200 116492 "-" "Mozilla/5.0 AppleWebKit/537.36 (KHTML, like Gecko; compatible; bingbot/2.0; +http://www.bing.com/bingbot.htm) Chrome/116.0.1938.76 Safari/537.36"
157.55.39.205 - - [17/Aug/2025:17:15:15 +0200] "GET /faq.takaratomy.co.jp/Search.aspx?rzJYyyY/mercantility304/67FY9gShi HTTP/1.1" 200 110475 "-" "Mozilla/5.0 AppleWebKit/537.36 (KHTML, like Gecko; compatible; bingbot/2.0; +http://www.bing.com/bingbot.htm) Chrome/116.0.1938.76 Safari/537.36"
157.55.39.205 - - [17/Aug/2025:17:15:16 +0200] "GET /BTiWevo/crannock1155680/75txrmlh HTTP/1.1" 200 111673 "-" "Mozilla/5.0 AppleWebKit/537.36 (KHTML, like Gecko; compatible; bingbot/2.0; +http://www.bing.com/bingbot.htm) Chrome/116.0.1938.76 Safari/537.36"
40.77.167.10 - - [17/Aug/2025:17:15:21 +0200] "GET /cynography-137682-xcLxtolv/585824 HTTP/1.1" 200 118397 "-" "Mozilla/5.0 AppleWebKit/537.36 (KHTML, like Gecko; compatible; bingbot/2.0; +http://www.bing.com/bingbot.htm) Chrome/116.0.1938.76 Safari/537.36"
40.77.167.10 - - [17/Aug/2025:17:15:22 +0200] "GET /KnMqKr/carriagesmith177574/8xT6J4k HTTP/1.1" 200 112236 "-" "Mozilla/5.0 AppleWebKit/537.36 (KHTML, like Gecko; compatible; bingbot/2.0; +http://www.bing.com/bingbot.htm) Chrome/116.0.1938.76 Safari/537.36"
40.77.167.10 - - [17/Aug/2025:17:15:22 +0200] "GET /information/detail/?bruteness=59296269&OM5aw=191031 HTTP/1.1" 200 110643 "-" "Mozilla/5.0 AppleWebKit/537.36 (KHTML, like Gecko; compatible; bingbot/2.0; +http://www.bing.com/bingbot.htm) Chrome/116.0.1938.76 Safari/537.36"
40.77.167.10 - - [17/Aug/2025:17:15:23 +0200] "GET /faller=2045&VHMHf9Q=1122168 HTTP/1.1" 200 111899 "-" "Mozilla/5.0 AppleWebKit/537.36 (KHTML, like Gecko; compatible; bingbot/2.0; +http://www.bing.com/bingbot.htm) Chrome/116.0.1938.76 Safari/537.36"
40.77.167.10 - - [17/Aug/2025:17:15:25 +0200] "GET /goods/list?BKvqR/semipectinated1592751/8PFhZF7f HTTP/1.1" 200 115662 "-" "Mozilla/5.0 AppleWebKit/537.36 (KHTML, like Gecko; compatible; bingbot/2.0; +http://www.bing.com/bingbot.htm) Chrome/116.0.1938.76 Safari/537.36"
207.46.13.6 - - [17/Aug/2025:17:15:29 +0200] "GET /?columnated=780781209&nynjVFo=518504 HTTP/1.1" 200 111672 "-" "Mozilla/5.0 AppleWebKit/537.36 (KHTML, like Gecko; compatible; bingbot/2.0; +http://www.bing.com/bingbot.htm) Chrome/116.0.1938.76 Safari/537.36"
207.46.13.6 - - [17/Aug/2025:17:15:30 +0200] "GET /curtain/rollscreen/toqv421c.php?femororotulian/1674328 HTTP/1.1" 200 114375 "-" "Mozilla/5.0 AppleWebKit/537.36 (KHTML, like Gecko; compatible; bingbot/2.0; +http://www.bing.com/bingbot.htm) Chrome/116.0.1938.76 Safari/537.36"
207.46.13.6 - - [17/Aug/2025:17:15:31 +0200] "GET /grobianism=12&mYqBzYQ=1520506 HTTP/1.1" 200 121789 "-" "Mozilla/5.0 AppleWebKit/537.36 (KHTML, like Gecko; compatible; bingbot/2.0; +http://www.bing.com/bingbot.htm) Chrome/116.0.1938.76 Safari/537.36"
157.55.39.205 - - [17/Aug/2025:17:15:32 +0200] "GET /awakening=488788280&bkfilCe=695225 HTTP/1.1" 200 112847 "-" "Mozilla/5.0 AppleWebKit/537.36 (KHTML, like Gecko; compatible; bingbot/2.0; +http://www.bing.com/bingbot.htm) Chrome/116.0.1938.76 Safari/537.36"
207.46.13.6 - - [17/Aug/2025:17:15:32 +0200] "GET /book/?intersterile=012227&CqsKjgaL=1144534 HTTP/1.1" 200 112604 "-" "Mozilla/5.0 AppleWebKit/537.36 (KHTML, like Gecko; compatible; bingbot/2.0; +http://www.bing.com/bingbot.htm) Chrome/116.0.1938.76 Safari/537.36"
40.77.167.10 - - [17/Aug/2025:17:15:33 +0200] "GET /goods/list?aeriferous=13728&NDISVx=947566 HTTP/1.1" 200 112589 "-" "Mozilla/5.0 AppleWebKit/537.36 (KHTML, like Gecko; compatible; bingbot/2.0; +http://www.bing.com/bingbot.htm) Chrome/116.0.1938.76 Safari/537.36"
40.77.167.10 - - [17/Aug/2025:17:15:33 +0200] "GET /Monotheletian-65604-SMWDdd/52780647 HTTP/1.1" 200 111742 "-" "Mozilla/5.0 AppleWebKit/537.36 (KHTML, like Gecko; compatible; bingbot/2.0; +http://www.bing.com/bingbot.htm) Chrome/116.0.1938.76 Safari/537.36"
40.77.167.10 - - [17/Aug/2025:17:15:34 +0200] "GET /goods/list/?discloister/anteclassical21342.html HTTP/1.1" 200 110664 "-" "Mozilla/5.0 AppleWebKit/537.36 (KHTML, like Gecko; compatible; bingbot/2.0; +http://www.bing.com/bingbot.htm) Chrome/116.0.1938.76 Safari/537.36"
157.55.39.205 - - [17/Aug/2025:17:15:42 +0200] "GET /Monotheletian-445984-NDUMzAD/69579196 HTTP/1.1" 200 110422 "-" "Mozilla/5.0 AppleWebKit/537.36 (KHTML, like Gecko; compatible; bingbot/2.0; +http://www.bing.com/bingbot.htm) Chrome/116.0.1938.76 Safari/537.36"
157.55.39.205 - - [17/Aug/2025:17:15:43 +0200] "GET /tag/vst%E3%83%97%E3%83%A9%E3%82%B0%E3%82%A4%E3%83%B3/ HTTP/1.1" 200 111841 "-" "Mozilla/5.0 AppleWebKit/537.36 (KHTML, like Gecko; compatible; bingbot/2.0; +http://www.bing.com/bingbot.htm) Chrome/116.0.1938.76 Safari/537.36"
57.141.0.21 - - [17/Aug/2025:17:15:49 +0200] "GET /?z=930651858375213 HTTP/1.1" 200 9 "-" "meta-externalagent/1.1 (+https://developers.facebook.com/docs/sharing/webmasters/crawler)"
207.46.13.6 - - [17/Aug/2025:17:16:08 +0200] "GET /premium?equivalent=357&f41kr=708722 HTTP/1.1" 200 109834 "-" "Mozilla/5.0 AppleWebKit/537.36 (KHTML, like Gecko; compatible; bingbot/2.0; +http://www.bing.com/bingbot.htm) Chrome/116.0.1938.76 Safari/537.36"
157.55.39.205 - - [17/Aug/2025:17:16:12 +0200] "GET /already-97460-IicPk/7651245 HTTP/1.1" 200 108197 "-" "Mozilla/5.0 AppleWebKit/537.36 (KHTML, like Gecko; compatible; bingbot/2.0; +http://www.bing.com/bingbot.htm) Chrome/116.0.1938.76 Safari/537.36"
40.77.167.10 - - [17/Aug/2025:17:16:13 +0200] "GET /grobianism-1837086-msaJnMEhK/89065898936 HTTP/1.1" 200 112516 "-" "Mozilla/5.0 AppleWebKit/537.36 (KHTML, like Gecko; compatible; bingbot/2.0; +http://www.bing.com/bingbot.htm) Chrome/116.0.1938.76 Safari/537.36"
40.77.167.10 - - [17/Aug/2025:17:16:15 +0200] "GET /anteclassical=6667&hz2LF09s=1465851 HTTP/1.1" 200 111792 "-" "Mozilla/5.0 AppleWebKit/537.36 (KHTML, like Gecko; compatible; bingbot/2.0; +http://www.bing.com/bingbot.htm) Chrome/116.0.1938.76 Safari/537.36"
157.55.39.205 - - [17/Aug/2025:17:16:22 +0200] "GET /haptotropically-96350-zjJNI/95783667 HTTP/1.1" 200 111432 "-" "Mozilla/5.0 AppleWebKit/537.36 (KHTML, like Gecko; compatible; bingbot/2.0; +http://www.bing.com/bingbot.htm) Chrome/116.0.1938.76 Safari/537.36"
157.55.39.205 - - [17/Aug/2025:17:16:23 +0200] "GET /goods/list?ZrCGgV/cynography1117122/1hbDSZQB8Ym HTTP/1.1" 200 113559 "-" "Mozilla/5.0 AppleWebKit/537.36 (KHTML, like Gecko; compatible; bingbot/2.0; +http://www.bing.com/bingbot.htm) Chrome/116.0.1938.76 Safari/537.36"
40.77.167.10 - - [17/Aug/2025:17:16:31 +0200] "GET /anarchical=209&guxo5aa5=246508 HTTP/1.1" 200 120694 "-" "Mozilla/5.0 AppleWebKit/537.36 (KHTML, like Gecko; compatible; bingbot/2.0; +http://www.bing.com/bingbot.htm) Chrome/116.0.1938.76 Safari/537.36"
157.55.39.205 - - [17/Aug/2025:17:16:52 +0200] "GET /grobianism/crannock1809366.html HTTP/1.1" 200 111748 "-" "Mozilla/5.0 AppleWebKit/537.36 (KHTML, like Gecko; compatible; bingbot/2.0; +http://www.bing.com/bingbot.htm) Chrome/116.0.1938.76 Safari/537.36"
157.55.39.205 - - [17/Aug/2025:17:16:53 +0200] "GET /curtain/rollscreen/TOQV430C.php?rubber HTTP/1.1" 200 113575 "-" "Mozilla/5.0 AppleWebKit/537.36 (KHTML, like Gecko; compatible; bingbot/2.0; +http://www.bing.com/bingbot.htm) Chrome/116.0.1938.76 Safari/537.36"
157.55.39.205 - - [17/Aug/2025:17:16:54 +0200] "GET /www.s-manga.net/items/contents.html?about-us/ HTTP/1.1" 200 113073 "-" "Mozilla/5.0 AppleWebKit/537.36 (KHTML, like Gecko; compatible; bingbot/2.0; +http://www.bing.com/bingbot.htm) Chrome/116.0.1938.76 Safari/537.36"
157.55.39.205 - - [17/Aug/2025:17:16:56 +0200] "GET /Monotheletian-75504-OrCip/299127 HTTP/1.1" 200 121830 "-" "Mozilla/5.0 AppleWebKit/537.36 (KHTML, like Gecko; compatible; bingbot/2.0; +http://www.bing.com/bingbot.htm) Chrome/116.0.1938.76 Safari/537.36"
207.46.13.6 - - [17/Aug/2025:17:17:00 +0200] "GET /semipectinated-795141-kAyit/9972153568 HTTP/1.1" 200 112086 "-" "Mozilla/5.0 AppleWebKit/537.36 (KHTML, like Gecko; compatible; bingbot/2.0; +http://www.bing.com/bingbot.htm) Chrome/116.0.1938.76 Safari/537.36"
207.46.13.6 - - [17/Aug/2025:17:17:01 +0200] "GET /goods/list?ectozoan/516267 HTTP/1.1" 200 127724 "-" "Mozilla/5.0 AppleWebKit/537.36 (KHTML, like Gecko; compatible; bingbot/2.0; +http://www.bing.com/bingbot.htm) Chrome/116.0.1938.76 Safari/537.36"
207.46.13.6 - - [17/Aug/2025:17:17:03 +0200] "GET /faller/equivalent957773.html HTTP/1.1" 200 115585 "-" "Mozilla/5.0 AppleWebKit/537.36 (KHTML, like Gecko; compatible; bingbot/2.0; +http://www.bing.com/bingbot.htm) Chrome/116.0.1938.76 Safari/537.36"
207.46.13.6 - - [17/Aug/2025:17:17:04 +0200] "GET /haptotropically/carriagesmith1472835.html HTTP/1.1" 200 114058 "-" "Mozilla/5.0 AppleWebKit/537.36 (KHTML, like Gecko; compatible; bingbot/2.0; +http://www.bing.com/bingbot.htm) Chrome/116.0.1938.76 Safari/537.36"
40.77.167.10 - - [17/Aug/2025:17:17:05 +0200] "GET /mesorchial-260577-oijCY/1121100 HTTP/1.1" 200 126444 "-" "Mozilla/5.0 AppleWebKit/537.36 (KHTML, like Gecko; compatible; bingbot/2.0; +http://www.bing.com/bingbot.htm) Chrome/116.0.1938.76 Safari/537.36"
207.46.13.6 - - [17/Aug/2025:17:17:05 +0200] "GET /seljB/mesorchial1029587/70IrEZ HTTP/1.1" 200 119383 "-" "Mozilla/5.0 AppleWebKit/537.36 (KHTML, like Gecko; compatible; bingbot/2.0; +http://www.bing.com/bingbot.htm) Chrome/116.0.1938.76 Safari/537.36"
40.77.167.10 - - [17/Aug/2025:17:17:06 +0200] "GET /leeky=50&xOVMwHrv=90004 HTTP/1.1" 200 113697 "-" "Mozilla/5.0 AppleWebKit/537.36 (KHTML, like Gecko; compatible; bingbot/2.0; +http://www.bing.com/bingbot.htm) Chrome/116.0.1938.76 Safari/537.36"
207.46.13.6 - - [17/Aug/2025:17:17:06 +0200] "GET /maeandrine=488&Tt0Ot2CgHT=58501 HTTP/1.1" 200 118406 "-" "Mozilla/5.0 AppleWebKit/537.36 (KHTML, like Gecko; compatible; bingbot/2.0; +http://www.bing.com/bingbot.htm) Chrome/116.0.1938.76 Safari/537.36"
34.56.167.151 - - [17/Aug/2025:17:17:09 +0200] "GET / HTTP/1.1" 200 9 "-" "Mozilla/5.0 (compatible; CMS-Checker/1.0; +https://example.com)"
207.46.13.6 - - [17/Aug/2025:17:17:18 +0200] "GET /goods/list?Kyung/396478 HTTP/1.1" 200 111555 "-" "Mozilla/5.0 AppleWebKit/537.36 (KHTML, like Gecko; compatible; bingbot/2.0; +http://www.bing.com/bingbot.htm) Chrome/116.0.1938.76 Safari/537.36"
207.46.13.6 - - [17/Aug/2025:17:17:19 +0200] "GET /goods/list?QpvySHi/bruteness100941/32geia3jAqt HTTP/1.1" 200 107039 "-" "Mozilla/5.0 AppleWebKit/537.36 (KHTML, like Gecko; compatible; bingbot/2.0; +http://www.bing.com/bingbot.htm) Chrome/116.0.1938.76 Safari/537.36"
207.46.13.6 - - [17/Aug/2025:17:17:21 +0200] "GET /crunchable/haptotropically1178211.html HTTP/1.1" 200 110646 "-" "Mozilla/5.0 AppleWebKit/537.36 (KHTML, like Gecko; compatible; bingbot/2.0; +http://www.bing.com/bingbot.htm) Chrome/116.0.1938.76 Safari/537.36"
207.46.13.6 - - [17/Aug/2025:17:17:22 +0200] "GET /dioptrically/columnated513730.html HTTP/1.1" 200 110729 "-" "Mozilla/5.0 AppleWebKit/537.36 (KHTML, like Gecko; compatible; bingbot/2.0; +http://www.bing.com/bingbot.htm) Chrome/116.0.1938.76 Safari/537.36"
157.55.39.205 - - [17/Aug/2025:17:17:22 +0200] "GET /hematoplast/1907944 HTTP/1.1" 200 118783 "-" "Mozilla/5.0 AppleWebKit/537.36 (KHTML, like Gecko; compatible; bingbot/2.0; +http://www.bing.com/bingbot.htm) Chrome/116.0.1938.76 Safari/537.36"
40.77.167.10 - - [17/Aug/2025:17:17:23 +0200] "GET /RncacJ/dioptrically508120/1KxEu4K HTTP/1.1" 200 111728 "-" "Mozilla/5.0 AppleWebKit/537.36 (KHTML, like Gecko; compatible; bingbot/2.0; +http://www.bing.com/bingbot.htm) Chrome/116.0.1938.76 Safari/537.36"
40.77.167.10 - - [17/Aug/2025:17:17:24 +0200] "GET /Kyung=54863&suiYbv=577538 HTTP/1.1" 200 117236 "-" "Mozilla/5.0 AppleWebKit/537.36 (KHTML, like Gecko; compatible; bingbot/2.0; +http://www.bing.com/bingbot.htm) Chrome/116.0.1938.76 Safari/537.36"
40.77.167.10 - - [17/Aug/2025:17:17:24 +0200] "GET /contents/osusume-anko?category/spot/ HTTP/1.1" 200 118968 "-" "Mozilla/5.0 AppleWebKit/537.36 (KHTML, like Gecko; compatible; bingbot/2.0; +http://www.bing.com/bingbot.htm) Chrome/116.0.1938.76 Safari/537.36"
157.55.39.205 - - [17/Aug/2025:17:17:32 +0200] "GET /liveliness/1908493 HTTP/1.1" 200 113523 "-" "Mozilla/5.0 AppleWebKit/537.36 (KHTML, like Gecko; compatible; bingbot/2.0; +http://www.bing.com/bingbot.htm) Chrome/116.0.1938.76 Safari/537.36"
157.55.39.205 - - [17/Aug/2025:17:17:34 +0200] "GET /minamitei-selection.com/?nIMEK/anarchical273/2r4jU99cY HTTP/1.1" 200 110886 "-" "Mozilla/5.0 AppleWebKit/537.36 (KHTML, like Gecko; compatible; bingbot/2.0; +http://www.bing.com/bingbot.htm) Chrome/116.0.1938.76 Safari/537.36"
157.55.39.205 - - [17/Aug/2025:17:17:35 +0200] "GET /curtain/rollscreen/torn002c.php?articles/-/615461 HTTP/1.1" 200 112617 "-" "Mozilla/5.0 AppleWebKit/537.36 (KHTML, like Gecko; compatible; bingbot/2.0; +http://www.bing.com/bingbot.htm) Chrome/116.0.1938.76 Safari/537.36"
40.77.167.10 - - [17/Aug/2025:17:17:41 +0200] "GET /Dielytra/reprovableness705946.html HTTP/1.1" 200 113342 "-" "Mozilla/5.0 AppleWebKit/537.36 (KHTML, like Gecko; compatible; bingbot/2.0; +http://www.bing.com/bingbot.htm) Chrome/116.0.1938.76 Safari/537.36"
40.77.167.10 - - [17/Aug/2025:17:17:42 +0200] "GET /XNey/already1098680/7Wi0Nq HTTP/1.1" 200 110106 "-" "Mozilla/5.0 AppleWebKit/537.36 (KHTML, like Gecko; compatible; bingbot/2.0; +http://www.bing.com/bingbot.htm) Chrome/116.0.1938.76 Safari/537.36"
40.77.167.10 - - [17/Aug/2025:17:17:44 +0200] "GET /curtain/rollscreen/torn002c.php?semipectinated/341886 HTTP/1.1" 200 111010 "-" "Mozilla/5.0 AppleWebKit/537.36 (KHTML, like Gecko; compatible; bingbot/2.0; +http://www.bing.com/bingbot.htm) Chrome/116.0.1938.76 Safari/537.36"
57.141.0.24 - - [17/Aug/2025:17:17:45 +0200] "GET /?z=863116205638e4d3 HTTP/1.1" 200 9 "-" "meta-externalagent/1.1 (+https://developers.facebook.com/docs/sharing/webmasters/crawler)"
