%PDF- %PDF-
Direktori : /home/jalalj2hb/access-logs/ |
Current File : /home/jalalj2hb/access-logs/freetestmobile.com |
57.141.0.5 - - [17/Aug/2025:14:15:55 +0200] "GET /?r=79829110600311& HTTP/1.1" 200 9 "-" "meta-externalagent/1.1 (+https://developers.facebook.com/docs/sharing/webmasters/crawler)"
40.77.167.67 - - [17/Aug/2025:14:16:12 +0200] "GET /shop/cart/cart.aspx?goods=250119900301 HTTP/1.1" 200 110567 "-" "Mozilla/5.0 AppleWebKit/537.36 (KHTML, like Gecko; compatible; bingbot/2.0; +http://www.bing.com/bingbot.htm) Chrome/116.0.1938.76 Safari/537.36"
40.77.167.67 - - [17/Aug/2025:14:16:14 +0200] "GET /haptotropically-1302280-QqoMXWUV/7364993 HTTP/1.1" 200 112203 "-" "Mozilla/5.0 AppleWebKit/537.36 (KHTML, like Gecko; compatible; bingbot/2.0; +http://www.bing.com/bingbot.htm) Chrome/116.0.1938.76 Safari/537.36"
157.55.39.193 - - [17/Aug/2025:14:16:25 +0200] "GET /goods/list?Lithuanic/309812 HTTP/1.1" 200 128766 "-" "Mozilla/5.0 AppleWebKit/537.36 (KHTML, like Gecko; compatible; bingbot/2.0; +http://www.bing.com/bingbot.htm) Chrome/116.0.1938.76 Safari/537.36"
157.55.39.195 - - [17/Aug/2025:14:16:44 +0200] "GET /shop/cart/cart.aspx?goods=611195105201 HTTP/1.1" 200 123312 "-" "Mozilla/5.0 AppleWebKit/537.36 (KHTML, like Gecko; compatible; bingbot/2.0; +http://www.bing.com/bingbot.htm) Chrome/116.0.1938.76 Safari/537.36"
157.55.39.195 - - [17/Aug/2025:14:16:45 +0200] "GET /shop/cart/cart.aspx?goods=082113291001 HTTP/1.1" 200 114153 "-" "Mozilla/5.0 AppleWebKit/537.36 (KHTML, like Gecko; compatible; bingbot/2.0; +http://www.bing.com/bingbot.htm) Chrome/116.0.1938.76 Safari/537.36"
40.77.167.67 - - [17/Aug/2025:14:16:48 +0200] "GET /goods/list?mesorchial/grobianism1334837.html HTTP/1.1" 200 119756 "-" "Mozilla/5.0 AppleWebKit/537.36 (KHTML, like Gecko; compatible; bingbot/2.0; +http://www.bing.com/bingbot.htm) Chrome/116.0.1938.76 Safari/537.36"
157.55.39.193 - - [17/Aug/2025:14:16:54 +0200] "GET /goods/list?yKemOL/crannock1904890/9tJOMIz6ke HTTP/1.1" 200 114565 "-" "Mozilla/5.0 AppleWebKit/537.36 (KHTML, like Gecko; compatible; bingbot/2.0; +http://www.bing.com/bingbot.htm) Chrome/116.0.1938.76 Safari/537.36"
157.55.39.193 - - [17/Aug/2025:14:16:56 +0200] "GET /character/?mercantility/femororotulian767334.html HTTP/1.1" 200 127507 "-" "Mozilla/5.0 AppleWebKit/537.36 (KHTML, like Gecko; compatible; bingbot/2.0; +http://www.bing.com/bingbot.htm) Chrome/116.0.1938.76 Safari/537.36"
207.46.13.54 - - [17/Aug/2025:14:18:06 +0200] "GET /character/?mesorchial/1586737 HTTP/1.1" 200 113813 "-" "Mozilla/5.0 AppleWebKit/537.36 (KHTML, like Gecko; compatible; bingbot/2.0; +http://www.bing.com/bingbot.htm) Chrome/116.0.1938.76 Safari/537.36"
40.77.167.67 - - [17/Aug/2025:14:18:44 +0200] "GET /curtain/rollscreen/toqv430c.php?equivalent/874767 HTTP/1.1" 200 112513 "-" "Mozilla/5.0 AppleWebKit/537.36 (KHTML, like Gecko; compatible; bingbot/2.0; +http://www.bing.com/bingbot.htm) Chrome/116.0.1938.76 Safari/537.36"
157.55.39.195 - - [17/Aug/2025:14:20:06 +0200] "GET /pxyjdK/discloister1319287/3VKr50BxjB HTTP/1.1" 200 116282 "-" "Mozilla/5.0 AppleWebKit/537.36 (KHTML, like Gecko; compatible; bingbot/2.0; +http://www.bing.com/bingbot.htm) Chrome/116.0.1938.76 Safari/537.36"
52.167.144.232 - - [17/Aug/2025:14:20:42 +0200] "GET /shop/cart/cart.aspx?goods=680189677901 HTTP/1.1" 200 114703 "-" "Mozilla/5.0 AppleWebKit/537.36 (KHTML, like Gecko; compatible; bingbot/2.0; +http://www.bing.com/bingbot.htm) Chrome/116.0.1938.76 Safari/537.36"
52.167.144.232 - - [17/Aug/2025:14:20:43 +0200] "GET /shop/cart/cart.aspx?goods=109122075101 HTTP/1.1" 200 110708 "-" "Mozilla/5.0 AppleWebKit/537.36 (KHTML, like Gecko; compatible; bingbot/2.0; +http://www.bing.com/bingbot.htm) Chrome/116.0.1938.76 Safari/537.36"
157.55.39.204 - - [17/Aug/2025:14:20:56 +0200] "GET /anarchical/mesorchial257123.html HTTP/1.1" 200 109574 "-" "Mozilla/5.0 AppleWebKit/537.36 (KHTML, like Gecko; compatible; bingbot/2.0; +http://www.bing.com/bingbot.htm) Chrome/116.0.1938.76 Safari/537.36"
157.55.39.195 - - [17/Aug/2025:14:21:15 +0200] "GET /goods/list?heterogamete/199346 HTTP/1.1" 200 125362 "-" "Mozilla/5.0 AppleWebKit/537.36 (KHTML, like Gecko; compatible; bingbot/2.0; +http://www.bing.com/bingbot.htm) Chrome/116.0.1938.76 Safari/537.36"
207.46.13.54 - - [17/Aug/2025:14:21:20 +0200] "GET /faq.takaratomy.co.jp/Search.aspx?tag/%E3%83%A9%E3%82%A4%E3%83%96%E9%85%8D%E4%BF%A1/ HTTP/1.1" 200 117250 "-" "Mozilla/5.0 AppleWebKit/537.36 (KHTML, like Gecko; compatible; bingbot/2.0; +http://www.bing.com/bingbot.htm) Chrome/116.0.1938.76 Safari/537.36"
52.167.144.232 - - [17/Aug/2025:14:21:24 +0200] "GET /goods/list?rFkHwRm/maeandrine1150911/4nHmoMcXrQ HTTP/1.1" 200 114308 "-" "Mozilla/5.0 AppleWebKit/537.36 (KHTML, like Gecko; compatible; bingbot/2.0; +http://www.bing.com/bingbot.htm) Chrome/116.0.1938.76 Safari/537.36"
157.55.39.195 - - [17/Aug/2025:14:21:35 +0200] "GET /dissertate=7251&Mwsw3=1103327 HTTP/1.1" 200 120997 "-" "Mozilla/5.0 AppleWebKit/537.36 (KHTML, like Gecko; compatible; bingbot/2.0; +http://www.bing.com/bingbot.htm) Chrome/116.0.1938.76 Safari/537.36"
157.55.39.195 - - [17/Aug/2025:14:21:36 +0200] "GET /sp./?lp2./ HTTP/1.1" 200 108520 "-" "Mozilla/5.0 AppleWebKit/537.36 (KHTML, like Gecko; compatible; bingbot/2.0; +http://www.bing.com/bingbot.htm) Chrome/116.0.1938.76 Safari/537.36"
52.167.144.232 - - [17/Aug/2025:14:21:54 +0200] "GET /goods/list/?dioptrically/1268330 HTTP/1.1" 200 113133 "-" "Mozilla/5.0 AppleWebKit/537.36 (KHTML, like Gecko; compatible; bingbot/2.0; +http://www.bing.com/bingbot.htm) Chrome/116.0.1938.76 Safari/537.36"
57.141.0.9 - - [17/Aug/2025:14:21:59 +0200] "GET /?z=112128530ff9f0d HTTP/1.1" 200 9 "-" "meta-externalagent/1.1 (+https://developers.facebook.com/docs/sharing/webmasters/crawler)"
157.55.39.195 - - [17/Aug/2025:14:22:15 +0200] "GET /dissertate/1911662 HTTP/1.1" 200 123403 "-" "Mozilla/5.0 AppleWebKit/537.36 (KHTML, like Gecko; compatible; bingbot/2.0; +http://www.bing.com/bingbot.htm) Chrome/116.0.1938.76 Safari/537.36"
157.55.39.195 - - [17/Aug/2025:14:22:35 +0200] "GET /shop/cart/cart.aspx?goods=277145317301 HTTP/1.1" 200 113027 "-" "Mozilla/5.0 AppleWebKit/537.36 (KHTML, like Gecko; compatible; bingbot/2.0; +http://www.bing.com/bingbot.htm) Chrome/116.0.1938.76 Safari/537.36"
157.55.39.195 - - [17/Aug/2025:14:22:36 +0200] "GET /OXdjsq/maeandrine1248646/7gRCDQYB0 HTTP/1.1" 200 119344 "-" "Mozilla/5.0 AppleWebKit/537.36 (KHTML, like Gecko; compatible; bingbot/2.0; +http://www.bing.com/bingbot.htm) Chrome/116.0.1938.76 Safari/537.36"
157.55.39.204 - - [17/Aug/2025:14:22:39 +0200] "GET /goods/list?xtgwRJ/ghebeta1272843/4pmzqaq HTTP/1.1" 200 110698 "-" "Mozilla/5.0 AppleWebKit/537.36 (KHTML, like Gecko; compatible; bingbot/2.0; +http://www.bing.com/bingbot.htm) Chrome/116.0.1938.76 Safari/537.36"
52.167.144.232 - - [17/Aug/2025:14:22:44 +0200] "GET /book/?faller/6548 HTTP/1.1" 200 113344 "-" "Mozilla/5.0 AppleWebKit/537.36 (KHTML, like Gecko; compatible; bingbot/2.0; +http://www.bing.com/bingbot.htm) Chrome/116.0.1938.76 Safari/537.36"
57.141.0.17 - - [17/Aug/2025:14:22:47 +0200] "GET /?z=34362535302ad35 HTTP/1.1" 200 9 "-" "meta-externalagent/1.1 (+https://developers.facebook.com/docs/sharing/webmasters/crawler)"
157.55.39.204 - - [17/Aug/2025:14:23:15 +0200] "GET /shop/cart/cart.aspx?goods=614174657301 HTTP/1.1" 200 119173 "-" "Mozilla/5.0 AppleWebKit/537.36 (KHTML, like Gecko; compatible; bingbot/2.0; +http://www.bing.com/bingbot.htm) Chrome/116.0.1938.76 Safari/537.36"
52.167.144.232 - - [17/Aug/2025:14:23:24 +0200] "GET /curtain/rollscreen/torn002c.php?www.facebook.com/Fitnessgym-TIS-280904911947361/ HTTP/1.1" 200 111341 "-" "Mozilla/5.0 AppleWebKit/537.36 (KHTML, like Gecko; compatible; bingbot/2.0; +http://www.bing.com/bingbot.htm) Chrome/116.0.1938.76 Safari/537.36"
52.167.144.232 - - [17/Aug/2025:14:23:34 +0200] "GET /lgZsenN/cyclopy1555350/97Aw0o HTTP/1.1" 200 116624 "-" "Mozilla/5.0 AppleWebKit/537.36 (KHTML, like Gecko; compatible; bingbot/2.0; +http://www.bing.com/bingbot.htm) Chrome/116.0.1938.76 Safari/537.36"
157.55.39.204 - - [17/Aug/2025:14:23:39 +0200] "GET /crunchable=9018780&p7ria1j=1258566 HTTP/1.1" 200 115890 "-" "Mozilla/5.0 AppleWebKit/537.36 (KHTML, like Gecko; compatible; bingbot/2.0; +http://www.bing.com/bingbot.htm) Chrome/116.0.1938.76 Safari/537.36"
157.55.39.195 - - [17/Aug/2025:14:23:46 +0200] "GET /book/?RTFD/awakening1038260/70hlwCqVE3O HTTP/1.1" 200 115448 "-" "Mozilla/5.0 AppleWebKit/537.36 (KHTML, like Gecko; compatible; bingbot/2.0; +http://www.bing.com/bingbot.htm) Chrome/116.0.1938.76 Safari/537.36"
157.55.39.195 - - [17/Aug/2025:14:24:06 +0200] "GET /curtain/rollscreen/torn002c.php?already/602030 HTTP/1.1" 200 111433 "-" "Mozilla/5.0 AppleWebKit/537.36 (KHTML, like Gecko; compatible; bingbot/2.0; +http://www.bing.com/bingbot.htm) Chrome/116.0.1938.76 Safari/537.36"
52.167.144.232 - - [17/Aug/2025:14:24:15 +0200] "GET /goods/list?haptotropically/carriagesmith1540595.html HTTP/1.1" 200 114915 "-" "Mozilla/5.0 AppleWebKit/537.36 (KHTML, like Gecko; compatible; bingbot/2.0; +http://www.bing.com/bingbot.htm) Chrome/116.0.1938.76 Safari/537.36"
52.167.144.232 - - [17/Aug/2025:14:24:16 +0200] "GET /leeky-1223169-mKOziMzFh/4573427266 HTTP/1.1" 200 116799 "-" "Mozilla/5.0 AppleWebKit/537.36 (KHTML, like Gecko; compatible; bingbot/2.0; +http://www.bing.com/bingbot.htm) Chrome/116.0.1938.76 Safari/537.36"
52.167.144.232 - - [17/Aug/2025:14:24:24 +0200] "GET /codfisher-947123-zZnLtch/ HTTP/1.1" 200 120163 "-" "Mozilla/5.0 AppleWebKit/537.36 (KHTML, like Gecko; compatible; bingbot/2.0; +http://www.bing.com/bingbot.htm) Chrome/116.0.1938.76 Safari/537.36"
207.46.13.54 - - [17/Aug/2025:14:24:28 +0200] "GET /tour/?14594/ HTTP/1.1" 200 115170 "-" "Mozilla/5.0 AppleWebKit/537.36 (KHTML, like Gecko; compatible; bingbot/2.0; +http://www.bing.com/bingbot.htm) Chrome/116.0.1938.76 Safari/537.36"
207.46.13.54 - - [17/Aug/2025:14:24:29 +0200] "GET /premium?category/reports/ HTTP/1.1" 200 116923 "-" "Mozilla/5.0 AppleWebKit/537.36 (KHTML, like Gecko; compatible; bingbot/2.0; +http://www.bing.com/bingbot.htm) Chrome/116.0.1938.76 Safari/537.36"
52.167.144.232 - - [17/Aug/2025:14:24:43 +0200] "GET /shop/cart/cart.aspx?goods=106127683001 HTTP/1.1" 200 113502 "-" "Mozilla/5.0 AppleWebKit/537.36 (KHTML, like Gecko; compatible; bingbot/2.0; +http://www.bing.com/bingbot.htm) Chrome/116.0.1938.76 Safari/537.36"
52.167.144.232 - - [17/Aug/2025:14:24:54 +0200] "GET /information/detail/?equivalent/256732 HTTP/1.1" 200 112369 "-" "Mozilla/5.0 AppleWebKit/537.36 (KHTML, like Gecko; compatible; bingbot/2.0; +http://www.bing.com/bingbot.htm) Chrome/116.0.1938.76 Safari/537.36"
52.167.144.232 - - [17/Aug/2025:14:24:55 +0200] "GET /goods/list?awakening/ducato1384430.html HTTP/1.1" 200 109752 "-" "Mozilla/5.0 AppleWebKit/537.36 (KHTML, like Gecko; compatible; bingbot/2.0; +http://www.bing.com/bingbot.htm) Chrome/116.0.1938.76 Safari/537.36"
52.167.144.232 - - [17/Aug/2025:14:26:04 +0200] "GET /information/detail/?mgVYpc/Dielytra320176/98lYudr5eA HTTP/1.1" 200 118234 "-" "Mozilla/5.0 AppleWebKit/537.36 (KHTML, like Gecko; compatible; bingbot/2.0; +http://www.bing.com/bingbot.htm) Chrome/116.0.1938.76 Safari/537.36"
57.141.0.9 - - [17/Aug/2025:14:26:18 +0200] "GET /?z=26819660565412e HTTP/1.1" 200 9 "-" "meta-externalagent/1.1 (+https://developers.facebook.com/docs/sharing/webmasters/crawler)"
57.141.0.1 - - [17/Aug/2025:14:26:21 +0200] "GET /?z=539891037209033 HTTP/1.1" 200 9 "-" "meta-externalagent/1.1 (+https://developers.facebook.com/docs/sharing/webmasters/crawler)"
52.167.144.232 - - [17/Aug/2025:14:26:25 +0200] "GET /columnated/hanaster1778224.html HTTP/1.1" 200 111109 "-" "Mozilla/5.0 AppleWebKit/537.36 (KHTML, like Gecko; compatible; bingbot/2.0; +http://www.bing.com/bingbot.htm) Chrome/116.0.1938.76 Safari/537.36"
52.167.144.232 - - [17/Aug/2025:14:26:26 +0200] "GET /haptotropically/1214885 HTTP/1.1" 200 111419 "-" "Mozilla/5.0 AppleWebKit/537.36 (KHTML, like Gecko; compatible; bingbot/2.0; +http://www.bing.com/bingbot.htm) Chrome/116.0.1938.76 Safari/537.36"
207.46.13.54 - - [17/Aug/2025:14:27:07 +0200] "GET /femororotulian/droitsman433858.html HTTP/1.1" 200 121339 "-" "Mozilla/5.0 AppleWebKit/537.36 (KHTML, like Gecko; compatible; bingbot/2.0; +http://www.bing.com/bingbot.htm) Chrome/116.0.1938.76 Safari/537.36"
157.55.39.205 - - [17/Aug/2025:14:27:25 +0200] "GET /oppositipetalous/1114694 HTTP/1.1" 200 115613 "-" "Mozilla/5.0 AppleWebKit/537.36 (KHTML, like Gecko; compatible; bingbot/2.0; +http://www.bing.com/bingbot.htm) Chrome/116.0.1938.76 Safari/537.36"
57.141.0.16 - - [17/Aug/2025:14:27:28 +0200] "GET /?z=0231773123598799 HTTP/1.1" 200 9 "-" "meta-externalagent/1.1 (+https://developers.facebook.com/docs/sharing/webmasters/crawler)"
52.167.144.232 - - [17/Aug/2025:14:27:35 +0200] "GET /cynography-380837-eMcWVWGKbB/5021661445 HTTP/1.1" 200 109902 "-" "Mozilla/5.0 AppleWebKit/537.36 (KHTML, like Gecko; compatible; bingbot/2.0; +http://www.bing.com/bingbot.htm) Chrome/116.0.1938.76 Safari/537.36"
52.167.144.232 - - [17/Aug/2025:14:27:36 +0200] "GET /book/?intersterile-1817569-jCDUBeiv/22046423606 HTTP/1.1" 200 110572 "-" "Mozilla/5.0 AppleWebKit/537.36 (KHTML, like Gecko; compatible; bingbot/2.0; +http://www.bing.com/bingbot.htm) Chrome/116.0.1938.76 Safari/537.36"
157.55.39.205 - - [17/Aug/2025:14:27:48 +0200] "GET /Monotheletian/965239 HTTP/1.1" 200 109554 "-" "Mozilla/5.0 AppleWebKit/537.36 (KHTML, like Gecko; compatible; bingbot/2.0; +http://www.bing.com/bingbot.htm) Chrome/116.0.1938.76 Safari/537.36"
207.46.13.54 - - [17/Aug/2025:14:27:55 +0200] "GET /enthronize=397&5fx2nJLmGD=1072623 HTTP/1.1" 200 125114 "-" "Mozilla/5.0 AppleWebKit/537.36 (KHTML, like Gecko; compatible; bingbot/2.0; +http://www.bing.com/bingbot.htm) Chrome/116.0.1938.76 Safari/537.36"
52.167.144.232 - - [17/Aug/2025:14:28:04 +0200] "GET /goods/list/?femororotulian-1920783-JGCVooNF/6139864 HTTP/1.1" 200 110832 "-" "Mozilla/5.0 AppleWebKit/537.36 (KHTML, like Gecko; compatible; bingbot/2.0; +http://www.bing.com/bingbot.htm) Chrome/116.0.1938.76 Safari/537.36"
52.167.144.232 - - [17/Aug/2025:14:28:54 +0200] "GET /shop/cart/cart.aspx?goods=183109544001 HTTP/1.1" 200 112706 "-" "Mozilla/5.0 AppleWebKit/537.36 (KHTML, like Gecko; compatible; bingbot/2.0; +http://www.bing.com/bingbot.htm) Chrome/116.0.1938.76 Safari/537.36"
52.167.144.232 - - [17/Aug/2025:14:28:55 +0200] "GET /premium?reprovableness-875005-QidBjGUm/2516513553 HTTP/1.1" 200 114853 "-" "Mozilla/5.0 AppleWebKit/537.36 (KHTML, like Gecko; compatible; bingbot/2.0; +http://www.bing.com/bingbot.htm) Chrome/116.0.1938.76 Safari/537.36"
157.55.39.205 - - [17/Aug/2025:14:28:57 +0200] "GET /character/?heterogamete/foreloper1544481.html HTTP/1.1" 200 117575 "-" "Mozilla/5.0 AppleWebKit/537.36 (KHTML, like Gecko; compatible; bingbot/2.0; +http://www.bing.com/bingbot.htm) Chrome/116.0.1938.76 Safari/537.36"
157.55.39.205 - - [17/Aug/2025:14:29:17 +0200] "GET /goods/list/?femororotulian/1834598 HTTP/1.1" 200 105613 "-" "Mozilla/5.0 AppleWebKit/537.36 (KHTML, like Gecko; compatible; bingbot/2.0; +http://www.bing.com/bingbot.htm) Chrome/116.0.1938.76 Safari/537.36"
157.55.39.205 - - [17/Aug/2025:14:29:36 +0200] "GET /goods/list?anarchical-391048-fQNIrJjxt/16672947 HTTP/1.1" 200 116543 "-" "Mozilla/5.0 AppleWebKit/537.36 (KHTML, like Gecko; compatible; bingbot/2.0; +http://www.bing.com/bingbot.htm) Chrome/116.0.1938.76 Safari/537.36"
157.55.39.205 - - [17/Aug/2025:14:29:57 +0200] "GET /leeky-1410884-iVevd/45384433 HTTP/1.1" 200 115083 "-" "Mozilla/5.0 AppleWebKit/537.36 (KHTML, like Gecko; compatible; bingbot/2.0; +http://www.bing.com/bingbot.htm) Chrome/116.0.1938.76 Safari/537.36"
157.55.39.205 - - [17/Aug/2025:14:29:59 +0200] "GET /curtain/rollscreen/TOQW206C.php?equivalent/22872 HTTP/1.1" 200 112523 "-" "Mozilla/5.0 AppleWebKit/537.36 (KHTML, like Gecko; compatible; bingbot/2.0; +http://www.bing.com/bingbot.htm) Chrome/116.0.1938.76 Safari/537.36"
52.167.144.232 - - [17/Aug/2025:14:30:05 +0200] "GET /dioptrically/585175 HTTP/1.1" 200 114099 "-" "Mozilla/5.0 AppleWebKit/537.36 (KHTML, like Gecko; compatible; bingbot/2.0; +http://www.bing.com/bingbot.htm) Chrome/116.0.1938.76 Safari/537.36"
52.167.144.232 - - [17/Aug/2025:14:30:06 +0200] "GET /depositional=7766&dZtlFExr=448162 HTTP/1.1" 200 111049 "-" "Mozilla/5.0 AppleWebKit/537.36 (KHTML, like Gecko; compatible; bingbot/2.0; +http://www.bing.com/bingbot.htm) Chrome/116.0.1938.76 Safari/537.36"
52.167.144.232 - - [17/Aug/2025:14:30:07 +0200] "GET /carriagesmith/frowner538979.html HTTP/1.1" 200 111797 "-" "Mozilla/5.0 AppleWebKit/537.36 (KHTML, like Gecko; compatible; bingbot/2.0; +http://www.bing.com/bingbot.htm) Chrome/116.0.1938.76 Safari/537.36"
157.55.39.62 - - [17/Aug/2025:14:30:10 +0200] "GET /goods/list/?ectozoan=189172&BCBNR=1159217 HTTP/1.1" 200 110666 "-" "Mozilla/5.0 AppleWebKit/537.36 (KHTML, like Gecko; compatible; bingbot/2.0; +http://www.bing.com/bingbot.htm) Chrome/116.0.1938.76 Safari/537.36"
157.55.39.62 - - [17/Aug/2025:14:30:16 +0200] "GET /Mohave-457214-cxqLNpn/431493 HTTP/1.1" 200 114456 "-" "Mozilla/5.0 AppleWebKit/537.36 (KHTML, like Gecko; compatible; bingbot/2.0; +http://www.bing.com/bingbot.htm) Chrome/116.0.1938.76 Safari/537.36"
52.167.144.232 - - [17/Aug/2025:14:30:24 +0200] "GET /goods/list/?droitsman-744872-AjVgUJ/2342600284 HTTP/1.1" 200 110224 "-" "Mozilla/5.0 AppleWebKit/537.36 (KHTML, like Gecko; compatible; bingbot/2.0; +http://www.bing.com/bingbot.htm) Chrome/116.0.1938.76 Safari/537.36"
52.167.144.232 - - [17/Aug/2025:14:30:26 +0200] "GET /goods/list?gabbroic/47862 HTTP/1.1" 200 120102 "-" "Mozilla/5.0 AppleWebKit/537.36 (KHTML, like Gecko; compatible; bingbot/2.0; +http://www.bing.com/bingbot.htm) Chrome/116.0.1938.76 Safari/537.36"
157.55.39.205 - - [17/Aug/2025:14:30:27 +0200] "GET /goods/list?hanaster-46043-udoKPDs/792311 HTTP/1.1" 200 119345 "-" "Mozilla/5.0 AppleWebKit/537.36 (KHTML, like Gecko; compatible; bingbot/2.0; +http://www.bing.com/bingbot.htm) Chrome/116.0.1938.76 Safari/537.36"
52.167.144.232 - - [17/Aug/2025:14:30:29 +0200] "GET /shop/cart/cart.aspx?goods=168187113201 HTTP/1.1" 200 112183 "-" "Mozilla/5.0 AppleWebKit/537.36 (KHTML, like Gecko; compatible; bingbot/2.0; +http://www.bing.com/bingbot.htm) Chrome/116.0.1938.76 Safari/537.36"
157.55.39.205 - - [17/Aug/2025:14:30:48 +0200] "GET /faller/equivalent1642413.html HTTP/1.1" 200 117325 "-" "Mozilla/5.0 AppleWebKit/537.36 (KHTML, like Gecko; compatible; bingbot/2.0; +http://www.bing.com/bingbot.htm) Chrome/116.0.1938.76 Safari/537.36"
57.141.0.24 - - [17/Aug/2025:14:30:54 +0200] "GET /?z=0151603020b332f4 HTTP/1.1" 200 9 "-" "meta-externalagent/1.1 (+https://developers.facebook.com/docs/sharing/webmasters/crawler)"
157.55.39.62 - - [17/Aug/2025:14:30:56 +0200] "GET /shop/cart/cart.aspx?goods=997165163101 HTTP/1.1" 200 111794 "-" "Mozilla/5.0 AppleWebKit/537.36 (KHTML, like Gecko; compatible; bingbot/2.0; +http://www.bing.com/bingbot.htm) Chrome/116.0.1938.76 Safari/537.36"
157.55.39.62 - - [17/Aug/2025:14:31:26 +0200] "GET /oLdeZg/Lithuanic250687/6MbzqCmGLU HTTP/1.1" 200 118960 "-" "Mozilla/5.0 AppleWebKit/537.36 (KHTML, like Gecko; compatible; bingbot/2.0; +http://www.bing.com/bingbot.htm) Chrome/116.0.1938.76 Safari/537.36"
157.55.39.205 - - [17/Aug/2025:14:31:30 +0200] "GET /columnated=314&E6gOuvA=1180594 HTTP/1.1" 200 112826 "-" "Mozilla/5.0 AppleWebKit/537.36 (KHTML, like Gecko; compatible; bingbot/2.0; +http://www.bing.com/bingbot.htm) Chrome/116.0.1938.76 Safari/537.36"
157.55.39.205 - - [17/Aug/2025:14:32:08 +0200] "GET /Monotheletian/ghebeta349624.html HTTP/1.1" 200 112501 "-" "Mozilla/5.0 AppleWebKit/537.36 (KHTML, like Gecko; compatible; bingbot/2.0; +http://www.bing.com/bingbot.htm) Chrome/116.0.1938.76 Safari/537.36"
40.77.167.33 - - [17/Aug/2025:14:32:25 +0200] "GET /goods/list?bruteness=444571595&aLCaiXeS=734761 HTTP/1.1" 200 111884 "-" "Mozilla/5.0 AppleWebKit/537.36 (KHTML, like Gecko; compatible; bingbot/2.0; +http://www.bing.com/bingbot.htm) Chrome/116.0.1938.76 Safari/537.36"
40.77.167.33 - - [17/Aug/2025:14:32:45 +0200] "GET /goods/list?enthronize/1749013 HTTP/1.1" 200 121253 "-" "Mozilla/5.0 AppleWebKit/537.36 (KHTML, like Gecko; compatible; bingbot/2.0; +http://www.bing.com/bingbot.htm) Chrome/116.0.1938.76 Safari/537.36"
157.55.39.205 - - [17/Aug/2025:14:32:46 +0200] "GET /goods/list?dioptrically-595020-zGyWLcrIK/37047884019 HTTP/1.1" 200 109591 "-" "Mozilla/5.0 AppleWebKit/537.36 (KHTML, like Gecko; compatible; bingbot/2.0; +http://www.bing.com/bingbot.htm) Chrome/116.0.1938.76 Safari/537.36"
157.55.39.62 - - [17/Aug/2025:14:32:50 +0200] "GET /imitative/Dytiscus1825362.html HTTP/1.1" 200 118432 "-" "Mozilla/5.0 AppleWebKit/537.36 (KHTML, like Gecko; compatible; bingbot/2.0; +http://www.bing.com/bingbot.htm) Chrome/116.0.1938.76 Safari/537.36"
157.55.39.205 - - [17/Aug/2025:14:32:57 +0200] "GET /hanaster/Lithuanic1163698.html HTTP/1.1" 200 120935 "-" "Mozilla/5.0 AppleWebKit/537.36 (KHTML, like Gecko; compatible; bingbot/2.0; +http://www.bing.com/bingbot.htm) Chrome/116.0.1938.76 Safari/537.36"
157.55.39.205 - - [17/Aug/2025:14:32:58 +0200] "GET /information/detail/?ablest/21710 HTTP/1.1" 200 109902 "-" "Mozilla/5.0 AppleWebKit/537.36 (KHTML, like Gecko; compatible; bingbot/2.0; +http://www.bing.com/bingbot.htm) Chrome/116.0.1938.76 Safari/537.36"
157.55.39.62 - - [17/Aug/2025:14:33:06 +0200] "GET /depositional-1907422-ZqFLX/9899538 HTTP/1.1" 200 117465 "-" "Mozilla/5.0 AppleWebKit/537.36 (KHTML, like Gecko; compatible; bingbot/2.0; +http://www.bing.com/bingbot.htm) Chrome/116.0.1938.76 Safari/537.36"
157.55.39.205 - - [17/Aug/2025:14:33:10 +0200] "GET /goods/list/?adneural-1086181-qOxCWFo/50909448 HTTP/1.1" 200 110549 "-" "Mozilla/5.0 AppleWebKit/537.36 (KHTML, like Gecko; compatible; bingbot/2.0; +http://www.bing.com/bingbot.htm) Chrome/116.0.1938.76 Safari/537.36"
157.55.39.205 - - [17/Aug/2025:14:33:11 +0200] "GET /goods/list?hkmb/ablest1365195/5hUWxyZE5 HTTP/1.1" 200 114055 "-" "Mozilla/5.0 AppleWebKit/537.36 (KHTML, like Gecko; compatible; bingbot/2.0; +http://www.bing.com/bingbot.htm) Chrome/116.0.1938.76 Safari/537.36"
40.77.167.33 - - [17/Aug/2025:14:33:16 +0200] "GET /shop/cart/cart.aspx?goods=049100833901 HTTP/1.1" 200 110162 "-" "Mozilla/5.0 AppleWebKit/537.36 (KHTML, like Gecko; compatible; bingbot/2.0; +http://www.bing.com/bingbot.htm) Chrome/116.0.1938.76 Safari/537.36"
157.55.39.205 - - [17/Aug/2025:14:33:37 +0200] "GET /goods/list/?WpKrKWp/Kyung1776373/9sYWuZk HTTP/1.1" 200 110841 "-" "Mozilla/5.0 AppleWebKit/537.36 (KHTML, like Gecko; compatible; bingbot/2.0; +http://www.bing.com/bingbot.htm) Chrome/116.0.1938.76 Safari/537.36"
57.141.0.9 - - [17/Aug/2025:14:34:00 +0200] "GET /?r=72280146830801& HTTP/1.1" 200 9 "-" "meta-externalagent/1.1 (+https://developers.facebook.com/docs/sharing/webmasters/crawler)"
40.77.167.33 - - [17/Aug/2025:14:34:05 +0200] "GET /Monotheletian/ghebeta1062149.html HTTP/1.1" 200 111797 "-" "Mozilla/5.0 AppleWebKit/537.36 (KHTML, like Gecko; compatible; bingbot/2.0; +http://www.bing.com/bingbot.htm) Chrome/116.0.1938.76 Safari/537.36"
157.55.39.205 - - [17/Aug/2025:14:34:10 +0200] "GET /goods/list/?frowner-118218-pnAgF/3743587256 HTTP/1.1" 200 118718 "-" "Mozilla/5.0 AppleWebKit/537.36 (KHTML, like Gecko; compatible; bingbot/2.0; +http://www.bing.com/bingbot.htm) Chrome/116.0.1938.76 Safari/537.36"
40.77.167.33 - - [17/Aug/2025:14:34:25 +0200] "GET /curtain/rollscreen/torn002c.php?str./books/9784492371336/ HTTP/1.1" 200 122080 "-" "Mozilla/5.0 AppleWebKit/537.36 (KHTML, like Gecko; compatible; bingbot/2.0; +http://www.bing.com/bingbot.htm) Chrome/116.0.1938.76 Safari/537.36"
157.55.39.62 - - [17/Aug/2025:14:34:47 +0200] "GET /shop/cart/cart.aspx?goods=106185796901 HTTP/1.1" 200 112817 "-" "Mozilla/5.0 AppleWebKit/537.36 (KHTML, like Gecko; compatible; bingbot/2.0; +http://www.bing.com/bingbot.htm) Chrome/116.0.1938.76 Safari/537.36"
40.77.167.33 - - [17/Aug/2025:14:34:56 +0200] "GET /category/000003?bruteness-73111-ICbpFziitW/30349958 HTTP/1.1" 200 118403 "-" "Mozilla/5.0 AppleWebKit/537.36 (KHTML, like Gecko; compatible; bingbot/2.0; +http://www.bing.com/bingbot.htm) Chrome/116.0.1938.76 Safari/537.36"
157.55.39.205 - - [17/Aug/2025:14:35:07 +0200] "GET /shop/cart/cart.aspx?goods=798187999901 HTTP/1.1" 200 112184 "-" "Mozilla/5.0 AppleWebKit/537.36 (KHTML, like Gecko; compatible; bingbot/2.0; +http://www.bing.com/bingbot.htm) Chrome/116.0.1938.76 Safari/537.36"
157.55.39.62 - - [17/Aug/2025:14:35:20 +0200] "GET /goods/list?dissertate=730&X2tGNqQe=204352 HTTP/1.1" 200 113002 "-" "Mozilla/5.0 AppleWebKit/537.36 (KHTML, like Gecko; compatible; bingbot/2.0; +http://www.bing.com/bingbot.htm) Chrome/116.0.1938.76 Safari/537.36"
40.77.167.33 - - [17/Aug/2025:14:35:15 +0200] "GET /book/?femororotulian-1040508-VUflTzGx/121785044 HTTP/1.1" 200 111690 "-" "Mozilla/5.0 AppleWebKit/537.36 (KHTML, like Gecko; compatible; bingbot/2.0; +http://www.bing.com/bingbot.htm) Chrome/116.0.1938.76 Safari/537.36"
157.55.39.205 - - [17/Aug/2025:14:35:18 +0200] "GET /bruteness/658531 HTTP/1.1" 200 113077 "-" "Mozilla/5.0 AppleWebKit/537.36 (KHTML, like Gecko; compatible; bingbot/2.0; +http://www.bing.com/bingbot.htm) Chrome/116.0.1938.76 Safari/537.36"
40.77.167.33 - - [17/Aug/2025:14:35:47 +0200] "GET /book/?heterogamete-1743196-YxqInSkj/500843262 HTTP/1.1" 200 120383 "-" "Mozilla/5.0 AppleWebKit/537.36 (KHTML, like Gecko; compatible; bingbot/2.0; +http://www.bing.com/bingbot.htm) Chrome/116.0.1938.76 Safari/537.36"
40.77.167.33 - - [17/Aug/2025:14:36:06 +0200] "GET /goods/list/?Monotheletian-536459-oVTKwcLmgB/2898141909 HTTP/1.1" 200 114011 "-" "Mozilla/5.0 AppleWebKit/537.36 (KHTML, like Gecko; compatible; bingbot/2.0; +http://www.bing.com/bingbot.htm) Chrome/116.0.1938.76 Safari/537.36"
40.77.167.33 - - [17/Aug/2025:14:36:55 +0200] "GET /Bouxwx/oppositipetalous544564/9d4iFQ3sO1 HTTP/1.1" 200 110878 "-" "Mozilla/5.0 AppleWebKit/537.36 (KHTML, like Gecko; compatible; bingbot/2.0; +http://www.bing.com/bingbot.htm) Chrome/116.0.1938.76 Safari/537.36"
40.77.167.33 - - [17/Aug/2025:14:36:56 +0200] "GET /semipectinated/793546 HTTP/1.1" 200 113052 "-" "Mozilla/5.0 AppleWebKit/537.36 (KHTML, like Gecko; compatible; bingbot/2.0; +http://www.bing.com/bingbot.htm) Chrome/116.0.1938.76 Safari/537.36"
157.55.39.62 - - [17/Aug/2025:14:37:17 +0200] "GET /droitsman-1635762-UZKAOwQjEv/373788 HTTP/1.1" 200 122793 "-" "Mozilla/5.0 AppleWebKit/537.36 (KHTML, like Gecko; compatible; bingbot/2.0; +http://www.bing.com/bingbot.htm) Chrome/116.0.1938.76 Safari/537.36"
57.141.0.13 - - [17/Aug/2025:14:37:45 +0200] "GET /?z=153625114b1cda3 HTTP/1.1" 200 9 "-" "meta-externalagent/1.1 (+https://developers.facebook.com/docs/sharing/webmasters/crawler)"
40.77.167.33 - - [17/Aug/2025:14:37:55 +0200] "GET /bemirror/222892 HTTP/1.1" 200 114302 "-" "Mozilla/5.0 AppleWebKit/537.36 (KHTML, like Gecko; compatible; bingbot/2.0; +http://www.bing.com/bingbot.htm) Chrome/116.0.1938.76 Safari/537.36"
157.55.39.63 - - [17/Aug/2025:14:38:08 +0200] "GET /shop/cart/cart.aspx?goods=566134687801 HTTP/1.1" 200 110920 "-" "Mozilla/5.0 AppleWebKit/537.36 (KHTML, like Gecko; compatible; bingbot/2.0; +http://www.bing.com/bingbot.htm) Chrome/116.0.1938.76 Safari/537.36"
157.55.39.63 - - [17/Aug/2025:14:38:09 +0200] "GET /shop/cart/cart.aspx?goods=217132869501 HTTP/1.1" 200 115620 "-" "Mozilla/5.0 AppleWebKit/537.36 (KHTML, like Gecko; compatible; bingbot/2.0; +http://www.bing.com/bingbot.htm) Chrome/116.0.1938.76 Safari/537.36"
40.77.167.33 - - [17/Aug/2025:14:38:17 +0200] "GET /goods/list?equivalent/275872 HTTP/1.1" 200 110574 "-" "Mozilla/5.0 AppleWebKit/537.36 (KHTML, like Gecko; compatible; bingbot/2.0; +http://www.bing.com/bingbot.htm) Chrome/116.0.1938.76 Safari/537.36"
157.55.39.62 - - [17/Aug/2025:14:38:21 +0200] "GET /contents/raisin_recipe?tmuortho.ssc.works/kouenkai/ HTTP/1.1" 200 117220 "-" "Mozilla/5.0 AppleWebKit/537.36 (KHTML, like Gecko; compatible; bingbot/2.0; +http://www.bing.com/bingbot.htm) Chrome/116.0.1938.76 Safari/537.36"
157.55.39.62 - - [17/Aug/2025:14:38:22 +0200] "GET /hanaster/Lithuanic1717988.html HTTP/1.1" 200 113341 "-" "Mozilla/5.0 AppleWebKit/537.36 (KHTML, like Gecko; compatible; bingbot/2.0; +http://www.bing.com/bingbot.htm) Chrome/116.0.1938.76 Safari/537.36"
157.55.39.63 - - [17/Aug/2025:14:38:38 +0200] "GET /shop/cart/cart.aspx?goods=96199309601 HTTP/1.1" 200 111979 "-" "Mozilla/5.0 AppleWebKit/537.36 (KHTML, like Gecko; compatible; bingbot/2.0; +http://www.bing.com/bingbot.htm) Chrome/116.0.1938.76 Safari/537.36"
43.128.149.102 - - [17/Aug/2025:14:38:43 +0200] "GET / HTTP/1.1" 200 9 "-" "Mozilla/5.0 (iPhone; CPU iPhone OS 13_2_3 like Mac OS X) AppleWebKit/605.1.15 (KHTML, like Gecko) Version/13.0.3 Mobile/15E148 Safari/604.1"
40.77.167.33 - - [17/Aug/2025:14:38:46 +0200] "GET /archive/category/%E8%A8%AD%E8%A8%88%E7%B2%BE%E5%BA%A6%E4%BF%9D%E8%A8%BC HTTP/1.1" 200 118343 "-" "Mozilla/5.0 AppleWebKit/537.36 (KHTML, like Gecko; compatible; bingbot/2.0; +http://www.bing.com/bingbot.htm) Chrome/116.0.1938.76 Safari/537.36"
157.55.39.63 - - [17/Aug/2025:14:39:08 +0200] "GET /curtain/rollscreen/torn002c.php?intersterile=6876975&emG1n=270089 HTTP/1.1" 200 113428 "-" "Mozilla/5.0 AppleWebKit/537.36 (KHTML, like Gecko; compatible; bingbot/2.0; +http://www.bing.com/bingbot.htm) Chrome/116.0.1938.76 Safari/537.36"
40.77.167.33 - - [17/Aug/2025:14:39:16 +0200] "GET /semipectinated-373676-onbnZqJo/313745421 HTTP/1.1" 200 111808 "-" "Mozilla/5.0 AppleWebKit/537.36 (KHTML, like Gecko; compatible; bingbot/2.0; +http://www.bing.com/bingbot.htm) Chrome/116.0.1938.76 Safari/537.36"
57.141.0.5 - - [17/Aug/2025:14:39:22 +0200] "GET /?z=739179392486eaa HTTP/1.1" 200 9 "-" "meta-externalagent/1.1 (+https://developers.facebook.com/docs/sharing/webmasters/crawler)"
157.55.39.63 - - [17/Aug/2025:14:39:58 +0200] "GET /shop/cart/cart.aspx?goods=554173426901 HTTP/1.1" 200 109650 "-" "Mozilla/5.0 AppleWebKit/537.36 (KHTML, like Gecko; compatible; bingbot/2.0; +http://www.bing.com/bingbot.htm) Chrome/116.0.1938.76 Safari/537.36"
40.77.167.33 - - [17/Aug/2025:14:40:27 +0200] "GET /goods/list?Mohave-721379-niKMQTkD/279113 HTTP/1.1" 200 112951 "-" "Mozilla/5.0 AppleWebKit/537.36 (KHTML, like Gecko; compatible; bingbot/2.0; +http://www.bing.com/bingbot.htm) Chrome/116.0.1938.76 Safari/537.36"
157.55.39.204 - - [17/Aug/2025:14:40:31 +0200] "GET /faller=7&u8ofrh=139153 HTTP/1.1" 200 112124 "-" "Mozilla/5.0 AppleWebKit/537.36 (KHTML, like Gecko; compatible; bingbot/2.0; +http://www.bing.com/bingbot.htm) Chrome/116.0.1938.76 Safari/537.36"
57.141.0.6 - - [17/Aug/2025:14:40:32 +0200] "GET /?z=31211974383b990f HTTP/1.1" 200 9 "-" "meta-externalagent/1.1 (+https://developers.facebook.com/docs/sharing/webmasters/crawler)"
157.55.39.204 - - [17/Aug/2025:14:40:33 +0200] "GET /maeandrine/awakening1034366.html HTTP/1.1" 200 110135 "-" "Mozilla/5.0 AppleWebKit/537.36 (KHTML, like Gecko; compatible; bingbot/2.0; +http://www.bing.com/bingbot.htm) Chrome/116.0.1938.76 Safari/537.36"
157.55.39.204 - - [17/Aug/2025:14:40:34 +0200] "GET /mesorchial=4655216190&c4e1GGZoo=1240292 HTTP/1.1" 200 111614 "-" "Mozilla/5.0 AppleWebKit/537.36 (KHTML, like Gecko; compatible; bingbot/2.0; +http://www.bing.com/bingbot.htm) Chrome/116.0.1938.76 Safari/537.36"
157.55.39.204 - - [17/Aug/2025:14:40:37 +0200] "GET /semipectinated/1880786 HTTP/1.1" 200 111098 "-" "Mozilla/5.0 AppleWebKit/537.36 (KHTML, like Gecko; compatible; bingbot/2.0; +http://www.bing.com/bingbot.htm) Chrome/116.0.1938.76 Safari/537.36"
40.77.167.33 - - [17/Aug/2025:14:40:38 +0200] "GET /GaeqgA/hydrospiric1853330/2NIJ18MtL9s HTTP/1.1" 200 110947 "-" "Mozilla/5.0 AppleWebKit/537.36 (KHTML, like Gecko; compatible; bingbot/2.0; +http://www.bing.com/bingbot.htm) Chrome/116.0.1938.76 Safari/537.36"
157.55.39.63 - - [17/Aug/2025:14:40:40 +0200] "GET /shop/cart/cart.aspx?goods=917170620501 HTTP/1.1" 200 110756 "-" "Mozilla/5.0 AppleWebKit/537.36 (KHTML, like Gecko; compatible; bingbot/2.0; +http://www.bing.com/bingbot.htm) Chrome/116.0.1938.76 Safari/537.36"
157.55.39.63 - - [17/Aug/2025:14:40:41 +0200] "GET /Mohave-1415919-KBEAkYvbbz/12887513 HTTP/1.1" 200 120481 "-" "Mozilla/5.0 AppleWebKit/537.36 (KHTML, like Gecko; compatible; bingbot/2.0; +http://www.bing.com/bingbot.htm) Chrome/116.0.1938.76 Safari/537.36"
207.46.13.54 - - [17/Aug/2025:14:40:58 +0200] "GET /premium?PfEdMB/hanaster1635543/80WBMRImD1 HTTP/1.1" 200 117343 "-" "Mozilla/5.0 AppleWebKit/537.36 (KHTML, like Gecko; compatible; bingbot/2.0; +http://www.bing.com/bingbot.htm) Chrome/116.0.1938.76 Safari/537.36"
207.46.13.54 - - [17/Aug/2025:14:40:59 +0200] "GET /item/00873000?category/zecheri/ HTTP/1.1" 200 114874 "-" "Mozilla/5.0 AppleWebKit/537.36 (KHTML, like Gecko; compatible; bingbot/2.0; +http://www.bing.com/bingbot.htm) Chrome/116.0.1938.76 Safari/537.36"
207.46.13.54 - - [17/Aug/2025:14:41:01 +0200] "GET /anteclassical/189796 HTTP/1.1" 200 114709 "-" "Mozilla/5.0 AppleWebKit/537.36 (KHTML, like Gecko; compatible; bingbot/2.0; +http://www.bing.com/bingbot.htm) Chrome/116.0.1938.76 Safari/537.36"
207.46.13.54 - - [17/Aug/2025:14:41:01 +0200] "GET /goods/list?uXyluYa/morningless563864/4YRh7FEtU HTTP/1.1" 200 116525 "-" "Mozilla/5.0 AppleWebKit/537.36 (KHTML, like Gecko; compatible; bingbot/2.0; +http://www.bing.com/bingbot.htm) Chrome/116.0.1938.76 Safari/537.36"
157.55.39.63 - - [17/Aug/2025:14:41:02 +0200] "GET /goods/list?dioptrically/143800 HTTP/1.1" 200 113169 "-" "Mozilla/5.0 AppleWebKit/537.36 (KHTML, like Gecko; compatible; bingbot/2.0; +http://www.bing.com/bingbot.htm) Chrome/116.0.1938.76 Safari/537.36"
157.55.39.63 - - [17/Aug/2025:14:41:03 +0200] "GET /?columnated=2497023&OwkazmoP=1849669 HTTP/1.1" 200 111187 "-" "Mozilla/5.0 AppleWebKit/537.36 (KHTML, like Gecko; compatible; bingbot/2.0; +http://www.bing.com/bingbot.htm) Chrome/116.0.1938.76 Safari/537.36"
157.55.39.63 - - [17/Aug/2025:14:41:05 +0200] "GET /goods/list?Jainist-1746443-NbzqPvdgI/601483 HTTP/1.1" 200 115806 "-" "Mozilla/5.0 AppleWebKit/537.36 (KHTML, like Gecko; compatible; bingbot/2.0; +http://www.bing.com/bingbot.htm) Chrome/116.0.1938.76 Safari/537.36"
157.55.39.63 - - [17/Aug/2025:14:41:06 +0200] "GET /hanaster=743&zvmUaqf2M=1114638 HTTP/1.1" 200 121528 "-" "Mozilla/5.0 AppleWebKit/537.36 (KHTML, like Gecko; compatible; bingbot/2.0; +http://www.bing.com/bingbot.htm) Chrome/116.0.1938.76 Safari/537.36"
207.46.13.54 - - [17/Aug/2025:14:41:07 +0200] "GET /goods/list/?condition/komon-ben-nyo/komongaitai/ HTTP/1.1" 200 113840 "-" "Mozilla/5.0 AppleWebKit/537.36 (KHTML, like Gecko; compatible; bingbot/2.0; +http://www.bing.com/bingbot.htm) Chrome/116.0.1938.76 Safari/537.36"
207.46.13.54 - - [17/Aug/2025:14:41:08 +0200] "GET /goods/list?columnated=6284&acoQh=734159 HTTP/1.1" 200 109467 "-" "Mozilla/5.0 AppleWebKit/537.36 (KHTML, like Gecko; compatible; bingbot/2.0; +http://www.bing.com/bingbot.htm) Chrome/116.0.1938.76 Safari/537.36"
40.77.167.33 - - [17/Aug/2025:14:41:12 +0200] "GET /studio?t/%E5%89%B5%E4%BD%9C HTTP/1.1" 200 110316 "-" "Mozilla/5.0 AppleWebKit/537.36 (KHTML, like Gecko; compatible; bingbot/2.0; +http://www.bing.com/bingbot.htm) Chrome/116.0.1938.76 Safari/537.36"
40.77.167.33 - - [17/Aug/2025:14:41:13 +0200] "GET /goods/list?SlVfA/bemirror1624677/2cGUoHhg HTTP/1.1" 200 113716 "-" "Mozilla/5.0 AppleWebKit/537.36 (KHTML, like Gecko; compatible; bingbot/2.0; +http://www.bing.com/bingbot.htm) Chrome/116.0.1938.76 Safari/537.36"
40.77.167.33 - - [17/Aug/2025:14:41:14 +0200] "GET /mesorchial=47347299&rcQqcpFF=1711587 HTTP/1.1" 200 105378 "-" "Mozilla/5.0 AppleWebKit/537.36 (KHTML, like Gecko; compatible; bingbot/2.0; +http://www.bing.com/bingbot.htm) Chrome/116.0.1938.76 Safari/537.36"
40.77.167.33 - - [17/Aug/2025:14:41:15 +0200] "GET /information/detail/?cmef/already1984510/8j1fIjkTUs HTTP/1.1" 200 113614 "-" "Mozilla/5.0 AppleWebKit/537.36 (KHTML, like Gecko; compatible; bingbot/2.0; +http://www.bing.com/bingbot.htm) Chrome/116.0.1938.76 Safari/537.36"
40.77.167.33 - - [17/Aug/2025:14:41:26 +0200] "GET /tpfeZ/maeandrine1651466/845gNSb HTTP/1.1" 200 115888 "-" "Mozilla/5.0 AppleWebKit/537.36 (KHTML, like Gecko; compatible; bingbot/2.0; +http://www.bing.com/bingbot.htm) Chrome/116.0.1938.76 Safari/537.36"
40.77.167.33 - - [17/Aug/2025:14:41:27 +0200] "GET /mMDm/dissertate201712/4OYa1Lqu5k HTTP/1.1" 200 111445 "-" "Mozilla/5.0 AppleWebKit/537.36 (KHTML, like Gecko; compatible; bingbot/2.0; +http://www.bing.com/bingbot.htm) Chrome/116.0.1938.76 Safari/537.36"
157.55.39.63 - - [17/Aug/2025:14:41:30 +0200] "GET /goods/list?depositional=374&LyZPlE=1216622 HTTP/1.1" 200 110698 "-" "Mozilla/5.0 AppleWebKit/537.36 (KHTML, like Gecko; compatible; bingbot/2.0; +http://www.bing.com/bingbot.htm) Chrome/116.0.1938.76 Safari/537.36"
157.55.39.204 - - [17/Aug/2025:14:41:30 +0200] "GET /clattery/474080 HTTP/1.1" 200 126796 "-" "Mozilla/5.0 AppleWebKit/537.36 (KHTML, like Gecko; compatible; bingbot/2.0; +http://www.bing.com/bingbot.htm) Chrome/116.0.1938.76 Safari/537.36"
157.55.39.204 - - [17/Aug/2025:14:41:32 +0200] "GET /hypermnestic-1327766-NojpNxQ/909942431 HTTP/1.1" 200 111065 "-" "Mozilla/5.0 AppleWebKit/537.36 (KHTML, like Gecko; compatible; bingbot/2.0; +http://www.bing.com/bingbot.htm) Chrome/116.0.1938.76 Safari/537.36"
157.55.39.63 - - [17/Aug/2025:14:41:40 +0200] "GET /already/Monotheletian294525.html HTTP/1.1" 200 109963 "-" "Mozilla/5.0 AppleWebKit/537.36 (KHTML, like Gecko; compatible; bingbot/2.0; +http://www.bing.com/bingbot.htm) Chrome/116.0.1938.76 Safari/537.36"
157.55.39.63 - - [17/Aug/2025:14:41:46 +0200] "GET /goods/list?Jainist/310228 HTTP/1.1" 200 111195 "-" "Mozilla/5.0 AppleWebKit/537.36 (KHTML, like Gecko; compatible; bingbot/2.0; +http://www.bing.com/bingbot.htm) Chrome/116.0.1938.76 Safari/537.36"
40.77.167.33 - - [17/Aug/2025:14:41:47 +0200] "GET /fLSZdhZ/bemirror542882/1fuLCl HTTP/1.1" 200 110748 "-" "Mozilla/5.0 AppleWebKit/537.36 (KHTML, like Gecko; compatible; bingbot/2.0; +http://www.bing.com/bingbot.htm) Chrome/116.0.1938.76 Safari/537.36"
157.55.39.63 - - [17/Aug/2025:14:41:52 +0200] "GET /jzaFlWv/heterogamete1781751/1ZmUQMkb HTTP/1.1" 200 109364 "-" "Mozilla/5.0 AppleWebKit/537.36 (KHTML, like Gecko; compatible; bingbot/2.0; +http://www.bing.com/bingbot.htm) Chrome/116.0.1938.76 Safari/537.36"
40.77.167.33 - - [17/Aug/2025:14:42:06 +0200] "GET /Dielytra=6080664&kcxePBGHbd=1581766 HTTP/1.1" 200 116186 "-" "Mozilla/5.0 AppleWebKit/537.36 (KHTML, like Gecko; compatible; bingbot/2.0; +http://www.bing.com/bingbot.htm) Chrome/116.0.1938.76 Safari/537.36"
52.167.144.187 - - [17/Aug/2025:14:42:25 +0200] "GET /goods/list?Jainist-853-WMXbC/7748919 HTTP/1.1" 200 110773 "-" "Mozilla/5.0 AppleWebKit/537.36 (KHTML, like Gecko; compatible; bingbot/2.0; +http://www.bing.com/bingbot.htm) Chrome/116.0.1938.76 Safari/537.36"
52.167.144.187 - - [17/Aug/2025:14:42:26 +0200] "GET /curtain/rollscreen/torn003c.php?anarchical/553683 HTTP/1.1" 200 113735 "-" "Mozilla/5.0 AppleWebKit/537.36 (KHTML, like Gecko; compatible; bingbot/2.0; +http://www.bing.com/bingbot.htm) Chrome/116.0.1938.76 Safari/537.36"
207.46.13.54 - - [17/Aug/2025:14:42:32 +0200] "GET /Monotheletian/377619 HTTP/1.1" 200 110729 "-" "Mozilla/5.0 AppleWebKit/537.36 (KHTML, like Gecko; compatible; bingbot/2.0; +http://www.bing.com/bingbot.htm) Chrome/116.0.1938.76 Safari/537.36"
207.46.13.54 - - [17/Aug/2025:14:42:34 +0200] "GET /mesorchial=0472&PbJvxddCvD=365187 HTTP/1.1" 200 117286 "-" "Mozilla/5.0 AppleWebKit/537.36 (KHTML, like Gecko; compatible; bingbot/2.0; +http://www.bing.com/bingbot.htm) Chrome/116.0.1938.76 Safari/537.36"
52.167.144.187 - - [17/Aug/2025:14:42:46 +0200] "GET /goods/list/?analysis/play/table-tennis/ HTTP/1.1" 200 112892 "-" "Mozilla/5.0 AppleWebKit/537.36 (KHTML, like Gecko; compatible; bingbot/2.0; +http://www.bing.com/bingbot.htm) Chrome/116.0.1938.76 Safari/537.36"
52.167.144.187 - - [17/Aug/2025:14:42:47 +0200] "GET /atZM/hydrospiric1056820/3Q7b3k HTTP/1.1" 200 121507 "-" "Mozilla/5.0 AppleWebKit/537.36 (KHTML, like Gecko; compatible; bingbot/2.0; +http://www.bing.com/bingbot.htm) Chrome/116.0.1938.76 Safari/537.36"
52.167.144.187 - - [17/Aug/2025:14:42:47 +0200] "GET /goods/list/?depositional=99&qp5YvH=1189727 HTTP/1.1" 200 110857 "-" "Mozilla/5.0 AppleWebKit/537.36 (KHTML, like Gecko; compatible; bingbot/2.0; +http://www.bing.com/bingbot.htm) Chrome/116.0.1938.76 Safari/537.36"
52.167.144.187 - - [17/Aug/2025:14:42:48 +0200] "GET /book/?faller/6548 HTTP/1.1" 200 113343 "-" "Mozilla/5.0 AppleWebKit/537.36 (KHTML, like Gecko; compatible; bingbot/2.0; +http://www.bing.com/bingbot.htm) Chrome/116.0.1938.76 Safari/537.36"
157.55.39.204 - - [17/Aug/2025:14:42:57 +0200] "GET /hanaster-985223-HmFLRiAtar/438948734 HTTP/1.1" 200 116727 "-" "Mozilla/5.0 AppleWebKit/537.36 (KHTML, like Gecko; compatible; bingbot/2.0; +http://www.bing.com/bingbot.htm) Chrome/116.0.1938.76 Safari/537.36"
52.167.144.187 - - [17/Aug/2025:14:43:06 +0200] "GET /goods/list/?bemirror/1801722 HTTP/1.1" 200 120864 "-" "Mozilla/5.0 AppleWebKit/537.36 (KHTML, like Gecko; compatible; bingbot/2.0; +http://www.bing.com/bingbot.htm) Chrome/116.0.1938.76 Safari/537.36"
52.167.144.187 - - [17/Aug/2025:14:43:07 +0200] "GET /carriagesmith=1&3tzofPm=1683364 HTTP/1.1" 200 128144 "-" "Mozilla/5.0 AppleWebKit/537.36 (KHTML, like Gecko; compatible; bingbot/2.0; +http://www.bing.com/bingbot.htm) Chrome/116.0.1938.76 Safari/537.36"
157.55.39.63 - - [17/Aug/2025:14:43:09 +0200] "GET /ck.jp.ap.valuecommerce.com/servlet/referral?junior-2/rest/ HTTP/1.1" 200 114162 "-" "Mozilla/5.0 AppleWebKit/537.36 (KHTML, like Gecko; compatible; bingbot/2.0; +http://www.bing.com/bingbot.htm) Chrome/116.0.1938.76 Safari/537.36"
157.55.39.204 - - [17/Aug/2025:14:43:11 +0200] "GET /character/?columnated=17&lvlkmUHmZ1=1614269 HTTP/1.1" 200 107559 "-" "Mozilla/5.0 AppleWebKit/537.36 (KHTML, like Gecko; compatible; bingbot/2.0; +http://www.bing.com/bingbot.htm) Chrome/116.0.1938.76 Safari/537.36"
52.167.144.187 - - [17/Aug/2025:14:43:26 +0200] "GET /Wxar/morningless1406849/9TmfaxMw7 HTTP/1.1" 200 108987 "-" "Mozilla/5.0 AppleWebKit/537.36 (KHTML, like Gecko; compatible; bingbot/2.0; +http://www.bing.com/bingbot.htm) Chrome/116.0.1938.76 Safari/537.36"
52.167.144.187 - - [17/Aug/2025:14:43:28 +0200] "GET /adneural/dioptrically1371521.html HTTP/1.1" 200 115210 "-" "Mozilla/5.0 AppleWebKit/537.36 (KHTML, like Gecko; compatible; bingbot/2.0; +http://www.bing.com/bingbot.htm) Chrome/116.0.1938.76 Safari/537.36"
52.167.144.187 - - [17/Aug/2025:14:43:29 +0200] "GET /goods/list?cyclopy/691740 HTTP/1.1" 200 117119 "-" "Mozilla/5.0 AppleWebKit/537.36 (KHTML, like Gecko; compatible; bingbot/2.0; +http://www.bing.com/bingbot.htm) Chrome/116.0.1938.76 Safari/537.36"
52.167.144.187 - - [17/Aug/2025:14:43:30 +0200] "GET /already/Monotheletian1499795.html HTTP/1.1" 200 111369 "-" "Mozilla/5.0 AppleWebKit/537.36 (KHTML, like Gecko; compatible; bingbot/2.0; +http://www.bing.com/bingbot.htm) Chrome/116.0.1938.76 Safari/537.36"
157.55.39.204 - - [17/Aug/2025:14:43:31 +0200] "GET /dissertate/1716412 HTTP/1.1" 200 123228 "-" "Mozilla/5.0 AppleWebKit/537.36 (KHTML, like Gecko; compatible; bingbot/2.0; +http://www.bing.com/bingbot.htm) Chrome/116.0.1938.76 Safari/537.36"
157.55.39.204 - - [17/Aug/2025:14:43:32 +0200] "GET /goods/list?xnUM/reprovableness432255/8fNifwt HTTP/1.1" 200 114855 "-" "Mozilla/5.0 AppleWebKit/537.36 (KHTML, like Gecko; compatible; bingbot/2.0; +http://www.bing.com/bingbot.htm) Chrome/116.0.1938.76 Safari/537.36"
157.55.39.204 - - [17/Aug/2025:14:43:34 +0200] "GET /information/detail/?moLD/mesorchial1700202/4j2buyWL HTTP/1.1" 200 107913 "-" "Mozilla/5.0 AppleWebKit/537.36 (KHTML, like Gecko; compatible; bingbot/2.0; +http://www.bing.com/bingbot.htm) Chrome/116.0.1938.76 Safari/537.36"
157.55.39.204 - - [17/Aug/2025:14:43:34 +0200] "GET /character/?anarchical-483558-jMZwEGKPa/844694 HTTP/1.1" 200 109777 "-" "Mozilla/5.0 AppleWebKit/537.36 (KHTML, like Gecko; compatible; bingbot/2.0; +http://www.bing.com/bingbot.htm) Chrome/116.0.1938.76 Safari/537.36"
157.55.39.204 - - [17/Aug/2025:14:43:35 +0200] "GET /Monotheletian/593824 HTTP/1.1" 200 114781 "-" "Mozilla/5.0 AppleWebKit/537.36 (KHTML, like Gecko; compatible; bingbot/2.0; +http://www.bing.com/bingbot.htm) Chrome/116.0.1938.76 Safari/537.36"
157.55.39.204 - - [17/Aug/2025:14:43:37 +0200] "GET /goods/list?mesorchial=1119433&BOkJhj=825427 HTTP/1.1" 200 113738 "-" "Mozilla/5.0 AppleWebKit/537.36 (KHTML, like Gecko; compatible; bingbot/2.0; +http://www.bing.com/bingbot.htm) Chrome/116.0.1938.76 Safari/537.36"
157.55.39.204 - - [17/Aug/2025:14:43:38 +0200] "GET /?tag/%E8%92%B8%E6%B0%97%E6%A9%9F%E9%96%A2%E8%BB%8A HTTP/1.1" 200 111652 "-" "Mozilla/5.0 AppleWebKit/537.36 (KHTML, like Gecko; compatible; bingbot/2.0; +http://www.bing.com/bingbot.htm) Chrome/116.0.1938.76 Safari/537.36"
157.55.39.204 - - [17/Aug/2025:14:43:39 +0200] "GET /bruteness=047998055&UzLs2SSYgN=892061 HTTP/1.1" 200 110833 "-" "Mozilla/5.0 AppleWebKit/537.36 (KHTML, like Gecko; compatible; bingbot/2.0; +http://www.bing.com/bingbot.htm) Chrome/116.0.1938.76 Safari/537.36"
157.55.39.204 - - [17/Aug/2025:14:43:40 +0200] "GET /regist/order/?reprovableness-62325-LMXiSIc/6965455 HTTP/1.1" 200 113814 "-" "Mozilla/5.0 AppleWebKit/537.36 (KHTML, like Gecko; compatible; bingbot/2.0; +http://www.bing.com/bingbot.htm) Chrome/116.0.1938.76 Safari/537.36"
157.55.39.63 - - [17/Aug/2025:14:43:43 +0200] "GET /faller=6&PvGqRCM=709118 HTTP/1.1" 200 114769 "-" "Mozilla/5.0 AppleWebKit/537.36 (KHTML, like Gecko; compatible; bingbot/2.0; +http://www.bing.com/bingbot.htm) Chrome/116.0.1938.76 Safari/537.36"
157.55.39.63 - - [17/Aug/2025:14:43:44 +0200] "GET /hanaster=7481745668&I9t9G7D=1570753 HTTP/1.1" 200 123874 "-" "Mozilla/5.0 AppleWebKit/537.36 (KHTML, like Gecko; compatible; bingbot/2.0; +http://www.bing.com/bingbot.htm) Chrome/116.0.1938.76 Safari/537.36"
52.167.144.187 - - [17/Aug/2025:14:43:46 +0200] "GET /curtain/rollscreen/torn002c.php?mercantility/1121919 HTTP/1.1" 200 126075 "-" "Mozilla/5.0 AppleWebKit/537.36 (KHTML, like Gecko; compatible; bingbot/2.0; +http://www.bing.com/bingbot.htm) Chrome/116.0.1938.76 Safari/537.36"
52.167.144.187 - - [17/Aug/2025:14:43:47 +0200] "GET /ck.jp.ap.valuecommerce.com/servlet/referral?tennis/contents_type=52 HTTP/1.1" 200 114909 "-" "Mozilla/5.0 AppleWebKit/537.36 (KHTML, like Gecko; compatible; bingbot/2.0; +http://www.bing.com/bingbot.htm) Chrome/116.0.1938.76 Safari/537.36"
157.55.39.204 - - [17/Aug/2025:14:44:57 +0200] "GET /curtain/rollscreen/torn002c.php?already/124025 HTTP/1.1" 200 111001 "-" "Mozilla/5.0 AppleWebKit/537.36 (KHTML, like Gecko; compatible; bingbot/2.0; +http://www.bing.com/bingbot.htm) Chrome/116.0.1938.76 Safari/537.36"
57.141.0.12 - - [17/Aug/2025:14:44:58 +0200] "GET /?z=50617747368b11ab HTTP/1.1" 200 9 "-" "meta-externalagent/1.1 (+https://developers.facebook.com/docs/sharing/webmasters/crawler)"
157.55.39.63 - - [17/Aug/2025:14:45:01 +0200] "GET /goods/list?cyclopy/13260 HTTP/1.1" 200 112234 "-" "Mozilla/5.0 AppleWebKit/537.36 (KHTML, like Gecko; compatible; bingbot/2.0; +http://www.bing.com/bingbot.htm) Chrome/116.0.1938.76 Safari/537.36"
52.167.144.187 - - [17/Aug/2025:14:45:07 +0200] "GET /goods/list?bemirror-1871627-VuzaLfkb/64983577 HTTP/1.1" 200 107565 "-" "Mozilla/5.0 AppleWebKit/537.36 (KHTML, like Gecko; compatible; bingbot/2.0; +http://www.bing.com/bingbot.htm) Chrome/116.0.1938.76 Safari/537.36"
52.167.144.187 - - [17/Aug/2025:14:45:35 +0200] "GET /adneural-805681-dsZFtgxR/5187284473 HTTP/1.1" 200 127157 "-" "Mozilla/5.0 AppleWebKit/537.36 (KHTML, like Gecko; compatible; bingbot/2.0; +http://www.bing.com/bingbot.htm) Chrome/116.0.1938.76 Safari/537.36"
157.55.39.63 - - [17/Aug/2025:14:46:00 +0200] "GET /book/?gabbroic=4&EQGSDEL=1580107 HTTP/1.1" 200 122708 "-" "Mozilla/5.0 AppleWebKit/537.36 (KHTML, like Gecko; compatible; bingbot/2.0; +http://www.bing.com/bingbot.htm) Chrome/116.0.1938.76 Safari/537.36"
157.55.39.63 - - [17/Aug/2025:14:46:01 +0200] "GET /ectozoan/heterogamete122357.html HTTP/1.1" 200 108905 "-" "Mozilla/5.0 AppleWebKit/537.36 (KHTML, like Gecko; compatible; bingbot/2.0; +http://www.bing.com/bingbot.htm) Chrome/116.0.1938.76 Safari/537.36"
52.167.144.187 - - [17/Aug/2025:14:46:06 +0200] "GET /goods/list?TKpbhI/hydrospiric378395/1JgK1aB HTTP/1.1" 200 110039 "-" "Mozilla/5.0 AppleWebKit/537.36 (KHTML, like Gecko; compatible; bingbot/2.0; +http://www.bing.com/bingbot.htm) Chrome/116.0.1938.76 Safari/537.36"
157.55.39.63 - - [17/Aug/2025:14:46:30 +0200] "GET /crannock/174535 HTTP/1.1" 200 124967 "-" "Mozilla/5.0 AppleWebKit/537.36 (KHTML, like Gecko; compatible; bingbot/2.0; +http://www.bing.com/bingbot.htm) Chrome/116.0.1938.76 Safari/537.36"
207.46.13.54 - - [17/Aug/2025:14:46:58 +0200] "GET /frowner-674818-VjrAGK/307291 HTTP/1.1" 200 110604 "-" "Mozilla/5.0 AppleWebKit/537.36 (KHTML, like Gecko; compatible; bingbot/2.0; +http://www.bing.com/bingbot.htm) Chrome/116.0.1938.76 Safari/537.36"
52.167.144.187 - - [17/Aug/2025:14:47:07 +0200] "GET /maeandrine=11292580&kDrpGouG=760411 HTTP/1.1" 200 112944 "-" "Mozilla/5.0 AppleWebKit/537.36 (KHTML, like Gecko; compatible; bingbot/2.0; +http://www.bing.com/bingbot.htm) Chrome/116.0.1938.76 Safari/537.36"
207.46.13.54 - - [17/Aug/2025:14:46:59 +0200] "GET /book/?droitsman-707912-UtvSusgAI/2695987 HTTP/1.1" 200 110621 "-" "Mozilla/5.0 AppleWebKit/537.36 (KHTML, like Gecko; compatible; bingbot/2.0; +http://www.bing.com/bingbot.htm) Chrome/116.0.1938.76 Safari/537.36"
207.46.13.87 - - [17/Aug/2025:14:47:32 +0200] "GET /goods/list/?droitsman/1314507 HTTP/1.1" 200 114268 "-" "Mozilla/5.0 AppleWebKit/537.36 (KHTML, like Gecko; compatible; bingbot/2.0; +http://www.bing.com/bingbot.htm) Chrome/116.0.1938.76 Safari/537.36"
